Last updated on 2023-03-30 06:53:08 CEST.
Flavor | Version | Tinstall | Tcheck | Ttotal | Status | Flags |
---|---|---|---|---|---|---|
r-devel-linux-x86_64-debian-clang | 0.2.6 | 7.14 | 64.46 | 71.60 | NOTE | |
r-devel-linux-x86_64-debian-gcc | 0.2.6 | 5.66 | 49.40 | 55.06 | NOTE | |
r-devel-linux-x86_64-fedora-clang | 0.2.6 | 90.39 | NOTE | |||
r-devel-linux-x86_64-fedora-gcc | 0.2.6 | 103.90 | NOTE | |||
r-devel-windows-x86_64 | 0.2.6 | 28.00 | 0.00 | 28.00 | NOTE | |
r-patched-linux-x86_64 | 0.2.6 | 10.35 | 61.49 | 71.84 | NOTE | |
r-release-linux-x86_64 | 0.2.6 | 6.54 | 59.64 | 66.18 | NOTE | |
r-release-macos-arm64 | 0.2.6 | 28.00 | NOTE | |||
r-release-macos-x86_64 | 0.2.6 | 40.00 | NOTE | |||
r-release-windows-x86_64 | 0.2.6 | 39.00 | 89.00 | 128.00 | NOTE | |
r-oldrel-macos-arm64 | 0.2.6 | 33.00 | NOTE | |||
r-oldrel-macos-x86_64 | 0.2.6 | 57.00 | NOTE | |||
r-oldrel-windows-ix86+x86_64 | 0.2.6 | 18.00 | 88.00 | 106.00 | NOTE |
Version: 0.2.6
Check: LazyData
Result: NOTE
'LazyData' is specified without a 'data' directory
Flavors: r-devel-linux-x86_64-debian-clang, r-devel-linux-x86_64-debian-gcc, r-devel-linux-x86_64-fedora-clang, r-devel-linux-x86_64-fedora-gcc, r-devel-windows-x86_64, r-patched-linux-x86_64, r-release-linux-x86_64, r-release-macos-arm64, r-release-macos-x86_64, r-release-windows-x86_64, r-oldrel-macos-arm64, r-oldrel-macos-x86_64, r-oldrel-windows-ix86+x86_64