Last updated on 2023-06-01 06:58:27 CEST.
Flavor | Version | Tinstall | Tcheck | Ttotal | Status | Flags |
---|---|---|---|---|---|---|
r-devel-linux-x86_64-debian-clang | 3.2.1 | 59.48 | 357.59 | 417.07 | OK | |
r-devel-linux-x86_64-debian-gcc | 3.2.1 | 48.85 | 263.07 | 311.92 | OK | |
r-devel-linux-x86_64-fedora-clang | 3.2.1 | 522.47 | NOTE | |||
r-devel-linux-x86_64-fedora-gcc | 3.2.1 | 514.57 | OK | |||
r-devel-windows-x86_64 | 3.2.1 | 53.00 | 291.00 | 344.00 | NOTE | |
r-patched-linux-x86_64 | 3.2.1 | OK | ||||
r-release-linux-x86_64 | 3.2.1 | 54.98 | 342.97 | 397.95 | OK | |
r-release-macos-arm64 | 3.2.1 | 8.00 | ERROR | |||
r-release-macos-x86_64 | 3.2.1 | 120.00 | NOTE | |||
r-release-windows-x86_64 | 3.2.1 | 70.00 | 376.00 | 446.00 | NOTE | |
r-oldrel-macos-arm64 | 3.2.1 | 110.00 | NOTE | |||
r-oldrel-macos-x86_64 | 3.2.1 | 140.00 | NOTE | |||
r-oldrel-windows-x86_64 | 3.2.1 | 71.00 | 330.00 | 401.00 | NOTE |
Version: 3.2.1
Check: installed package size
Result: NOTE
installed size is 5.8Mb
sub-directories of 1Mb or more:
R 2.3Mb
help 1.1Mb
testScripts 1.3Mb
Flavors: r-devel-linux-x86_64-fedora-clang, r-devel-windows-x86_64, r-release-macos-x86_64, r-release-windows-x86_64, r-oldrel-macos-arm64, r-oldrel-macos-x86_64, r-oldrel-windows-x86_64
Version: 3.2.1
Check: package dependencies
Result: ERROR
Package required but not available: ‘aroma.core’
Packages suggested but not available for checking:
'affxparser', 'aroma.light', 'oligo', 'oligoClasses',
'pdInfoBuilder', 'AffymetrixDataTestFiles'
See section ‘The DESCRIPTION file’ in the ‘Writing R Extensions’
manual.
Flavor: r-release-macos-arm64
Version: 3.2.1
Check: package dependencies
Result: NOTE
Packages suggested but not available for checking:
'affxparser', 'oligo', 'oligoClasses', 'pdInfoBuilder',
'AffymetrixDataTestFiles'
Flavors: r-release-macos-x86_64, r-oldrel-macos-arm64
Version: 3.2.1
Check: Rd cross-references
Result: NOTE
Packages unavailable to check Rd xrefs: ‘affxparser’, ‘oligo’, ‘oligoClasses’
Flavors: r-release-macos-x86_64, r-oldrel-macos-arm64