CRAN Package Check Results for Package aroma.core

Last updated on 2020-08-15 06:47:04 CEST.

Flavor Version Tinstall Tcheck Ttotal Status Flags
r-devel-linux-x86_64-debian-clang 3.2.1 27.86 170.39 198.25 NOTE
r-devel-linux-x86_64-debian-gcc 3.2.1 23.72 128.63 152.35 NOTE
r-devel-linux-x86_64-fedora-clang 3.2.1 246.18 NOTE
r-devel-linux-x86_64-fedora-gcc 3.2.1 238.16 NOTE
r-devel-windows-ix86+x86_64 3.2.1 72.00 168.00 240.00 NOTE
r-patched-linux-x86_64 3.2.1 29.30 169.94 199.24 NOTE
r-patched-solaris-x86 3.2.1 308.60 NOTE
r-release-linux-x86_64 3.2.1 30.24 170.80 201.04 NOTE
r-release-macos-x86_64 3.2.1 NOTE
r-release-windows-ix86+x86_64 3.2.1 62.00 166.00 228.00 NOTE
r-oldrel-macos-x86_64 3.2.1 NOTE
r-oldrel-windows-ix86+x86_64 3.2.1 39.00 159.00 198.00 NOTE

Check Details

Version: 3.2.1
Check: package dependencies
Result: NOTE
    Packages suggested but not available for checking:
     'sfit', 'expectile', 'HaarSeg', 'mpcbs'
Flavors: r-devel-linux-x86_64-debian-clang, r-devel-linux-x86_64-debian-gcc, r-devel-linux-x86_64-fedora-clang, r-devel-linux-x86_64-fedora-gcc, r-devel-windows-ix86+x86_64, r-patched-linux-x86_64, r-patched-solaris-x86, r-release-linux-x86_64, r-release-windows-ix86+x86_64, r-oldrel-windows-ix86+x86_64

Version: 3.2.1
Check: package dependencies
Result: NOTE
    Packages suggested but not available for checking:
     'GLAD', 'sfit', 'expectile', 'HaarSeg', 'mpcbs'
Flavors: r-release-macos-x86_64, r-oldrel-macos-x86_64

Version: 3.2.1
Check: Rd cross-references
Result: NOTE
    Package unavailable to check Rd xrefs: ‘GLAD’
Flavors: r-release-macos-x86_64, r-oldrel-macos-x86_64