CRAN Package Check Results for Package asht

Last updated on 2020-11-28 06:49:17 CET.

Flavor Version Tinstall Tcheck Ttotal Status Flags
r-devel-linux-x86_64-debian-clang 0.9.6 13.99 100.84 114.83 OK
r-devel-linux-x86_64-debian-gcc 0.9.6 11.84 75.02 86.86 OK
r-devel-linux-x86_64-fedora-clang 0.9.6 148.01 OK
r-devel-linux-x86_64-fedora-gcc 0.9.6 134.14 OK
r-devel-windows-ix86+x86_64 0.9.6 29.00 125.00 154.00 OK
r-patched-linux-x86_64 0.9.6 13.56 90.82 104.38 OK
r-patched-solaris-x86 0.9.6 186.00 OK
r-release-linux-x86_64 0.9.6 16.51 91.20 107.71 OK
r-release-macos-x86_64 0.9.6 OK
r-release-windows-ix86+x86_64 0.9.6 23.00 91.00 114.00 OK
r-oldrel-macos-x86_64 0.9.6 ERROR
r-oldrel-windows-ix86+x86_64 0.9.6 21.00 111.00 132.00 ERROR

Check Details

Version: 0.9.6
Check: R code for possible problems
Result: NOTE
    signTest: no visible global function definition for ‘deparse1’
    Undefined global functions or variables:
     deparse1
Flavors: r-oldrel-macos-x86_64, r-oldrel-windows-ix86+x86_64

Version: 0.9.6
Check: examples
Result: ERROR
    Running examples in ‘asht-Ex.R’ failed
    The error most likely occurred in:
    
    > ### Name: signTest
    > ### Title: Exact Sign Test with Confidence Intervals
    > ### Aliases: signTest
    > ### Keywords: htest
    >
    > ### ** Examples
    >
    > x<-c(rep(-1,10),rep(0,60),rep(1,30))
    > signTest(x, stat='cd')
    Error in deparse1(substitute(x)) : could not find function "deparse1"
    Calls: signTest
    Execution halted
Flavors: r-oldrel-macos-x86_64, r-oldrel-windows-ix86+x86_64