CRAN Package Check Results for Package asht

Last updated on 2020-09-25 06:49:53 CEST.

Flavor Version Tinstall Tcheck Ttotal Status Flags
r-devel-linux-x86_64-debian-clang 0.9.6 13.39 99.47 112.86 OK
r-devel-linux-x86_64-debian-gcc 0.9.6 11.22 74.52 85.74 OK
r-devel-linux-x86_64-fedora-clang 0.9.6 141.85 OK
r-devel-linux-x86_64-fedora-gcc 0.9.6 133.84 OK
r-devel-windows-ix86+x86_64 0.9.6 29.00 176.00 205.00 OK
r-patched-linux-x86_64 0.9.6 10.95 90.85 101.80 OK
r-patched-solaris-x86 0.9.6 189.60 OK
r-release-linux-x86_64 0.9.6 12.15 91.86 104.01 OK
r-release-macos-x86_64 0.9.6 OK
r-release-windows-ix86+x86_64 0.9.6 30.00 119.00 149.00 OK
r-oldrel-macos-x86_64 0.9.6 ERROR
r-oldrel-windows-ix86+x86_64 0.9.6 25.00 116.00 141.00 ERROR

Check Details

Version: 0.9.6
Check: R code for possible problems
Result: NOTE
    signTest: no visible global function definition for ‘deparse1’
    Undefined global functions or variables:
     deparse1
Flavors: r-oldrel-macos-x86_64, r-oldrel-windows-ix86+x86_64

Version: 0.9.6
Check: examples
Result: ERROR
    Running examples in ‘asht-Ex.R’ failed
    The error most likely occurred in:
    
    > ### Name: signTest
    > ### Title: Exact Sign Test with Confidence Intervals
    > ### Aliases: signTest
    > ### Keywords: htest
    >
    > ### ** Examples
    >
    > x<-c(rep(-1,10),rep(0,60),rep(1,30))
    > signTest(x, stat='cd')
    Error in deparse1(substitute(x)) : could not find function "deparse1"
    Calls: signTest
    Execution halted
Flavors: r-oldrel-macos-x86_64, r-oldrel-windows-ix86+x86_64