CRAN Package Check Results for Package assertive.base

Last updated on 2020-11-28 06:49:17 CET.

Flavor Version Tinstall Tcheck Ttotal Status Flags
r-devel-linux-x86_64-debian-clang 0.0-7 3.11 31.14 34.25 OK
r-devel-linux-x86_64-debian-gcc 0.0-7 2.13 25.38 27.51 OK
r-devel-linux-x86_64-fedora-clang 0.0-7 48.31 NOTE
r-devel-linux-x86_64-fedora-gcc 0.0-7 37.57 OK
r-devel-windows-ix86+x86_64 0.0-7 6.00 48.00 54.00 OK
r-patched-linux-x86_64 0.0-7 3.05 29.83 32.88 OK
r-patched-solaris-x86 0.0-7 57.50 OK
r-release-linux-x86_64 0.0-7 3.09 28.55 31.64 OK
r-release-macos-x86_64 0.0-7 OK
r-release-windows-ix86+x86_64 0.0-7 8.00 35.00 43.00 OK
r-oldrel-macos-x86_64 0.0-7 OK
r-oldrel-windows-ix86+x86_64 0.0-7 5.00 44.00 49.00 OK

Check Details

Version: 0.0-7
Check: Rd cross-references
Result: NOTE
    Undeclared packages ‘assertive.properties’, ‘assertive.types’ in Rd xrefs
Flavor: r-devel-linux-x86_64-fedora-clang