CRAN Package Check Results for Package assertive.base

Last updated on 2020-09-27 06:46:27 CEST.

Flavor Version Tinstall Tcheck Ttotal Status Flags
r-devel-linux-x86_64-debian-clang 0.0-7 3.02 28.55 31.57 OK
r-devel-linux-x86_64-debian-gcc 0.0-7 2.30 22.25 24.55 OK
r-devel-linux-x86_64-fedora-clang 0.0-7 46.43 NOTE
r-devel-linux-x86_64-fedora-gcc 0.0-7 36.87 OK
r-devel-windows-ix86+x86_64 0.0-7 7.00 58.00 65.00 OK
r-patched-linux-x86_64 0.0-7 2.98 27.81 30.79 OK
r-patched-solaris-x86 0.0-7 55.50 OK
r-release-linux-x86_64 0.0-7 2.95 27.65 30.60 OK
r-release-macos-x86_64 0.0-7 OK
r-release-windows-ix86+x86_64 0.0-7 5.00 51.00 56.00 OK
r-oldrel-macos-x86_64 0.0-7 OK
r-oldrel-windows-ix86+x86_64 0.0-7 5.00 49.00 54.00 OK

Check Details

Version: 0.0-7
Check: Rd cross-references
Result: NOTE
    Undeclared packages ‘assertive.properties’, ‘assertive.types’ in Rd xrefs
Flavor: r-devel-linux-x86_64-fedora-clang