CRAN Package Check Results for Package assertive.data.us

Last updated on 2022-01-17 06:53:08 CET.

Flavor Version Tinstall Tcheck Ttotal Status Flags
r-devel-linux-x86_64-debian-clang 0.0-2 1.98 31.46 33.44 NOTE
r-devel-linux-x86_64-debian-gcc 0.0-2 1.31 25.04 26.35 NOTE
r-devel-linux-x86_64-fedora-clang 0.0-2 42.84 NOTE
r-devel-linux-x86_64-fedora-gcc 0.0-2 31.66 NOTE
r-devel-windows-x86_64-new-UL 0.0-2 64.00 49.00 113.00 NOTE
r-devel-windows-x86_64-new-TK 0.0-2 NOTE
r-patched-linux-x86_64 0.0-2 2.01 30.87 32.88 NOTE
r-release-linux-x86_64 0.0-2 NOTE
r-release-macos-arm64 0.0-2 NOTE
r-release-macos-x86_64 0.0-2 NOTE
r-release-windows-ix86+x86_64 0.0-2 5.00 40.00 45.00 NOTE
r-oldrel-macos-x86_64 0.0-2 OK
r-oldrel-windows-ix86+x86_64 0.0-2 5.00 40.00 45.00 OK

Check Details

Version: 0.0-2
Check: LazyData
Result: NOTE
     'LazyData' is specified without a 'data' directory
Flavors: r-devel-linux-x86_64-debian-clang, r-devel-linux-x86_64-debian-gcc, r-devel-linux-x86_64-fedora-clang, r-devel-linux-x86_64-fedora-gcc, r-devel-windows-x86_64-new-UL, r-devel-windows-x86_64-new-TK, r-patched-linux-x86_64, r-release-linux-x86_64, r-release-macos-arm64, r-release-macos-x86_64, r-release-windows-ix86+x86_64