CRAN Package Check Results for Package assertive.files

Last updated on 2022-01-23 07:13:51 CET.

Flavor Version Tinstall Tcheck Ttotal Status Flags
r-devel-linux-x86_64-debian-clang 0.0-2 1.91 35.22 37.13 NOTE
r-devel-linux-x86_64-debian-gcc 0.0-2 2.07 30.32 32.39 NOTE
r-devel-linux-x86_64-fedora-clang 0.0-2 46.14 NOTE
r-devel-linux-x86_64-fedora-gcc 0.0-2 35.00 NOTE
r-devel-windows-x86_64-new-UL 0.0-2 73.00 56.00 129.00 NOTE
r-devel-windows-x86_64-new-TK 0.0-2 NOTE
r-patched-linux-x86_64 0.0-2 1.91 33.67 35.58 NOTE
r-release-linux-x86_64 0.0-2 2.43 33.73 36.16 NOTE
r-release-macos-arm64 0.0-2 NOTE
r-release-macos-x86_64 0.0-2 NOTE
r-release-windows-ix86+x86_64 0.0-2 5.00 42.00 47.00 NOTE
r-oldrel-macos-x86_64 0.0-2 OK
r-oldrel-windows-ix86+x86_64 0.0-2 5.00 44.00 49.00 OK

Check Details

Version: 0.0-2
Check: LazyData
Result: NOTE
     'LazyData' is specified without a 'data' directory
Flavors: r-devel-linux-x86_64-debian-clang, r-devel-linux-x86_64-debian-gcc, r-devel-linux-x86_64-fedora-clang, r-devel-linux-x86_64-fedora-gcc, r-devel-windows-x86_64-new-UL, r-devel-windows-x86_64-new-TK, r-patched-linux-x86_64, r-release-linux-x86_64, r-release-macos-arm64, r-release-macos-x86_64, r-release-windows-ix86+x86_64