Last updated on 2023-03-30 06:53:08 CEST.
Flavor | Version | Tinstall | Tcheck | Ttotal | Status | Flags |
---|---|---|---|---|---|---|
r-devel-linux-x86_64-debian-clang | 0.0-2 | 2.26 | 28.47 | 30.73 | NOTE | |
r-devel-linux-x86_64-debian-gcc | 0.0-2 | 2.22 | 22.29 | 24.51 | NOTE | |
r-devel-linux-x86_64-fedora-clang | 0.0-2 | 40.36 | NOTE | |||
r-devel-linux-x86_64-fedora-gcc | 0.0-2 | 37.44 | NOTE | |||
r-devel-windows-x86_64 | 0.0-2 | 89.00 | 0.00 | 89.00 | NOTE | |
r-patched-linux-x86_64 | 0.0-2 | 3.20 | 27.81 | 31.01 | NOTE | |
r-release-linux-x86_64 | 0.0-2 | 2.87 | 29.16 | 32.03 | NOTE | |
r-release-macos-arm64 | 0.0-2 | 17.00 | NOTE | |||
r-release-macos-x86_64 | 0.0-2 | 23.00 | NOTE | |||
r-release-windows-x86_64 | 0.0-2 | 79.00 | 57.00 | 136.00 | NOTE | |
r-oldrel-macos-arm64 | 0.0-2 | 22.00 | NOTE | |||
r-oldrel-macos-x86_64 | 0.0-2 | 30.00 | NOTE | |||
r-oldrel-windows-ix86+x86_64 | 0.0-2 | 6.00 | 52.00 | 58.00 | NOTE |
Version: 0.0-2
Check: LazyData
Result: NOTE
'LazyData' is specified without a 'data' directory
Flavors: r-devel-linux-x86_64-debian-clang, r-devel-linux-x86_64-debian-gcc, r-devel-linux-x86_64-fedora-clang, r-devel-linux-x86_64-fedora-gcc, r-devel-windows-x86_64, r-patched-linux-x86_64, r-release-linux-x86_64, r-release-macos-arm64, r-release-macos-x86_64, r-release-windows-x86_64, r-oldrel-macos-arm64, r-oldrel-macos-x86_64, r-oldrel-windows-ix86+x86_64