CRAN Package Check Results for Package assertive.types

Last updated on 2022-05-28 07:05:47 CEST.

Flavor Version Tinstall Tcheck Ttotal Status Flags
r-devel-linux-x86_64-debian-clang 0.0-3 4.46 47.36 51.82 NOTE
r-devel-linux-x86_64-debian-gcc 0.0-3 3.38 36.61 39.99 NOTE
r-devel-linux-x86_64-fedora-clang 0.0-3 64.14 NOTE
r-devel-linux-x86_64-fedora-gcc 0.0-3 60.88 NOTE
r-devel-windows-x86_64 0.0-3 75.00 76.00 151.00 NOTE
r-patched-linux-x86_64 0.0-3 5.67 45.84 51.51 NOTE
r-release-linux-x86_64 0.0-3 4.17 45.94 50.11 NOTE
r-release-macos-arm64 0.0-3 23.00 NOTE
r-release-macos-x86_64 0.0-3 28.00 NOTE
r-release-windows-x86_64 0.0-3 184.00 72.00 256.00 NOTE
r-oldrel-macos-arm64 0.0-3 27.00 NOTE
r-oldrel-macos-x86_64 0.0-3 38.00 NOTE
r-oldrel-windows-ix86+x86_64 0.0-3 9.00 59.00 68.00 NOTE

Check Details

Version: 0.0-3
Check: LazyData
Result: NOTE
     'LazyData' is specified without a 'data' directory
Flavors: r-devel-linux-x86_64-debian-clang, r-devel-linux-x86_64-debian-gcc, r-devel-linux-x86_64-fedora-clang, r-devel-linux-x86_64-fedora-gcc, r-devel-windows-x86_64, r-patched-linux-x86_64, r-release-linux-x86_64, r-release-macos-arm64, r-release-macos-x86_64, r-release-windows-x86_64, r-oldrel-macos-arm64, r-oldrel-macos-x86_64, r-oldrel-windows-ix86+x86_64

Version: 0.0-3
Check: Rd cross-references
Result: NOTE
    Undeclared package ‘pryr’ in Rd xrefs
Flavor: r-devel-linux-x86_64-fedora-clang