Last updated on 2023-02-03 06:50:09 CET.
Flavor | Version | Tinstall | Tcheck | Ttotal | Status | Flags |
---|---|---|---|---|---|---|
r-devel-linux-x86_64-debian-clang | 1.4.3 | 48.91 | 117.32 | 166.23 | NOTE | |
r-devel-linux-x86_64-debian-gcc | 1.4.3 | 37.20 | 86.10 | 123.30 | NOTE | |
r-devel-linux-x86_64-fedora-clang | 1.4.3 | 231.67 | NOTE | |||
r-devel-linux-x86_64-fedora-gcc | 1.4.3 | 231.15 | NOTE | |||
r-devel-windows-x86_64 | 1.4.3 | 83.00 | 176.00 | 259.00 | NOTE | |
r-patched-linux-x86_64 | 1.4.3 | 45.21 | 113.70 | 158.91 | NOTE | |
r-release-linux-x86_64 | 1.4.3 | 40.78 | 112.65 | 153.43 | NOTE | |
r-release-macos-arm64 | 1.4.3 | 58.00 | NOTE | |||
r-release-macos-x86_64 | 1.4.3 | 73.00 | NOTE | |||
r-release-windows-x86_64 | 1.4.3 | 72.00 | 176.00 | 248.00 | NOTE | |
r-oldrel-macos-arm64 | 1.4.3 | 49.00 | NOTE | |||
r-oldrel-macos-x86_64 | 1.4.3 | 72.00 | NOTE | |||
r-oldrel-windows-ix86+x86_64 | 1.4.3 | 106.00 | 182.00 | 288.00 | NOTE |
Version: 1.4.3
Check: package dependencies
Result: NOTE
Package suggested but not available for checking: ‘asteRiskData’
Flavors: r-devel-linux-x86_64-debian-clang, r-devel-linux-x86_64-debian-gcc, r-devel-linux-x86_64-fedora-clang, r-devel-linux-x86_64-fedora-gcc, r-devel-windows-x86_64, r-patched-linux-x86_64, r-release-linux-x86_64, r-release-macos-arm64, r-release-macos-x86_64, r-release-windows-x86_64, r-oldrel-macos-arm64, r-oldrel-macos-x86_64, r-oldrel-windows-ix86+x86_64
Version: 1.4.3
Check: C++ specification
Result: NOTE
Specified C++11: please update to current default of C++17
Flavors: r-devel-linux-x86_64-debian-clang, r-devel-linux-x86_64-debian-gcc, r-devel-linux-x86_64-fedora-clang, r-devel-linux-x86_64-fedora-gcc, r-devel-windows-x86_64
Version: 1.4.3
Check: for GNU extensions in Makefiles
Result: NOTE
GNU make is a SystemRequirements.
Flavors: r-devel-linux-x86_64-debian-clang, r-devel-linux-x86_64-debian-gcc, r-devel-linux-x86_64-fedora-clang, r-devel-linux-x86_64-fedora-gcc, r-devel-windows-x86_64, r-patched-linux-x86_64, r-release-linux-x86_64, r-release-macos-arm64, r-release-macos-x86_64, r-release-windows-x86_64, r-oldrel-macos-arm64, r-oldrel-macos-x86_64, r-oldrel-windows-ix86+x86_64
Version: 1.4.3
Check: installed package size
Result: NOTE
installed size is 5.2Mb
sub-directories of 1Mb or more:
doc 2.6Mb
libs 1.1Mb
Flavors: r-devel-windows-x86_64, r-release-macos-arm64, r-release-macos-x86_64, r-release-windows-x86_64, r-oldrel-macos-arm64, r-oldrel-macos-x86_64, r-oldrel-windows-ix86+x86_64