CRAN Package Check Results for Package aster

Last updated on 2024-07-22 06:49:02 CEST.

Flavor Version Tinstall Tcheck Ttotal Status Flags
r-devel-linux-x86_64-debian-clang 1.1-3 11.20 161.20 172.40 OK
r-devel-linux-x86_64-debian-gcc 1.1-3 8.42 128.47 136.89 NOTE
r-devel-linux-x86_64-fedora-clang 1.1-3 213.21 OK
r-devel-linux-x86_64-fedora-gcc 1.1-3 220.92 OK
r-devel-windows-x86_64 1.1-3 18.00 193.00 211.00 NOTE
r-patched-linux-x86_64 1.1-3 16.46 160.20 176.66 OK
r-release-linux-x86_64 1.1-3 10.63 160.77 171.40 OK
r-release-macos-arm64 1.1-3 79.00 OK
r-release-macos-x86_64 1.1-3 117.00 OK
r-release-windows-x86_64 1.1-3 18.00 188.00 206.00 OK
r-oldrel-macos-arm64 1.1-3 109.00 OK
r-oldrel-macos-x86_64 1.1-3 223.00 OK
r-oldrel-windows-x86_64 1.1-3 26.00 206.00 232.00 OK

Check Details

Version: 1.1-3
Check: Rd cross-references
Result: NOTE Found the following Rd file(s) with Rd \link{} targets missing package anchors: pickle.Rd: trust Please provide package anchors for all Rd \link{} targets not in the package itself and the base packages. Flavors: r-devel-linux-x86_64-debian-gcc, r-devel-windows-x86_64