Last updated on 2025-01-19 06:48:17 CET.
Flavor | Version | Tinstall | Tcheck | Ttotal | Status | Flags |
---|---|---|---|---|---|---|
r-devel-linux-x86_64-debian-clang | 2021.1.2 | 3.15 | 148.50 | 151.65 | OK | |
r-devel-linux-x86_64-debian-gcc | 2021.1.2 | 1.96 | 104.31 | 106.27 | OK | |
r-devel-linux-x86_64-fedora-clang | 2021.1.2 | 241.95 | NOTE | |||
r-devel-linux-x86_64-fedora-gcc | 2021.1.2 | 266.04 | NOTE | |||
r-devel-windows-x86_64 | 2021.1.2 | 7.00 | 168.00 | 175.00 | OK | |
r-patched-linux-x86_64 | 2021.1.2 | 2.92 | 159.76 | 162.68 | OK | |
r-release-linux-x86_64 | 2021.1.2 | 2.87 | 160.55 | 163.42 | OK | |
r-release-macos-arm64 | 2021.1.2 | 79.00 | OK | |||
r-release-macos-x86_64 | 2021.1.2 | 149.00 | OK | |||
r-release-windows-x86_64 | 2021.1.2 | 7.00 | 165.00 | 172.00 | OK | |
r-oldrel-macos-arm64 | 2021.1.2 | 100.00 | OK | |||
r-oldrel-macos-x86_64 | 2021.1.2 | 150.00 | OK | |||
r-oldrel-windows-x86_64 | 2021.1.2 | 6.00 | 200.00 | 206.00 | OK |
Version: 2021.1.2
Check: dependencies in R code
Result: NOTE
Namespaces in Imports field not imported from:
‘dlnm’ ‘ggplot2’ ‘mvmeta’ ‘pbs’ ‘tsModel’
All declared Imports should be used.
Flavors: r-devel-linux-x86_64-fedora-clang, r-devel-linux-x86_64-fedora-gcc