CRAN Package Check Results for Package auditor

Last updated on 2021-01-20 06:46:40 CET.

Flavor Version Tinstall Tcheck Ttotal Status Flags
r-devel-linux-x86_64-debian-clang 1.3.0 10.00 218.84 228.84 OK
r-devel-linux-x86_64-debian-gcc 1.3.0 7.26 161.87 169.13 OK
r-devel-linux-x86_64-fedora-clang 1.3.0 270.43 NOTE
r-devel-linux-x86_64-fedora-gcc 1.3.0 267.43 OK
r-devel-windows-ix86+x86_64 1.3.0 13.00 260.00 273.00 OK
r-patched-linux-x86_64 1.3.0 9.06 206.10 215.16 OK
r-patched-solaris-x86 1.3.0 416.50 OK
r-release-linux-x86_64 1.3.0 7.42 204.51 211.93 OK
r-release-macos-x86_64 1.3.0 OK
r-release-windows-ix86+x86_64 1.3.0 18.00 259.00 277.00 OK
r-oldrel-macos-x86_64 1.3.0 OK
r-oldrel-windows-ix86+x86_64 1.3.0 13.00 222.00 235.00 OK

Check Details

Version: 1.3.0
Check: Rd cross-references
Result: NOTE
    Undeclared package ‘gtable’ in Rd xrefs
Flavor: r-devel-linux-x86_64-fedora-clang