CRAN Package Check Results for Package autoFRK

Last updated on 2020-09-25 06:49:53 CEST.

Flavor Version Tinstall Tcheck Ttotal Status Flags
r-devel-linux-x86_64-debian-clang 1.3.3 61.83 104.76 166.59 OK
r-devel-linux-x86_64-debian-gcc 1.3.3 53.01 81.77 134.78 OK
r-devel-linux-x86_64-fedora-clang 1.3.3 224.03 NOTE
r-devel-linux-x86_64-fedora-gcc 1.3.3 216.70 OK
r-devel-windows-ix86+x86_64 1.3.3 142.00 178.00 320.00 OK
r-patched-linux-x86_64 1.3.3 59.19 99.94 159.13 OK
r-patched-solaris-x86 1.3.3 239.70 OK
r-release-linux-x86_64 1.3.3 56.56 100.21 156.77 OK
r-release-macos-x86_64 1.3.3 NOTE
r-release-windows-ix86+x86_64 1.3.3 119.00 138.00 257.00 OK
r-oldrel-macos-x86_64 1.3.3 NOTE
r-oldrel-windows-ix86+x86_64 1.3.3 121.00 157.00 278.00 OK

Check Details

Version: 1.3.3
Check: installed package size
Result: NOTE
     installed size is 16.8Mb
     sub-directories of 1Mb or more:
     libs 16.6Mb
Flavors: r-devel-linux-x86_64-fedora-clang, r-release-macos-x86_64, r-oldrel-macos-x86_64