CRAN Package Check Results for Package autoMFA

Last updated on 2022-07-02 07:06:53 CEST.

Flavor Version Tinstall Tcheck Ttotal Status Flags
r-devel-linux-x86_64-debian-clang 1.0.0 10.02 75.56 85.58 OK
r-devel-linux-x86_64-debian-gcc 1.0.0 6.78 54.43 61.21 OK
r-devel-linux-x86_64-fedora-clang 1.0.0 107.02 NOTE
r-devel-linux-x86_64-fedora-gcc 1.0.0 108.10 NOTE
r-devel-windows-x86_64 1.0.0 15.00 92.00 107.00 OK
r-patched-linux-x86_64 1.0.0 6.15 71.78 77.93 OK
r-release-linux-x86_64 1.0.0 7.64 72.73 80.37 OK
r-release-macos-arm64 1.0.0 31.00 NOTE
r-release-macos-x86_64 1.0.0 40.00 NOTE
r-release-windows-x86_64 1.0.0 25.00 90.00 115.00 OK
r-oldrel-macos-arm64 1.0.0 35.00 NOTE
r-oldrel-macos-x86_64 1.0.0 42.00 NOTE
r-oldrel-windows-ix86+x86_64 1.0.0 15.00 87.00 102.00 OK

Check Details

Version: 1.0.0
Check: dependencies in R code
Result: NOTE
    Namespace in Imports field not imported from: ‘usethis’
     All declared Imports should be used.
Flavors: r-devel-linux-x86_64-fedora-clang, r-devel-linux-x86_64-fedora-gcc, r-release-macos-arm64, r-release-macos-x86_64, r-oldrel-macos-arm64, r-oldrel-macos-x86_64