CRAN Package Check Results for Package autocogs

Last updated on 2023-02-02 06:54:44 CET.

Flavor Version Tinstall Tcheck Ttotal Status Flags
r-devel-linux-x86_64-debian-clang 0.1.4 6.21 61.81 68.02 OK
r-devel-linux-x86_64-debian-gcc 0.1.4 4.84 46.44 51.28 OK
r-devel-linux-x86_64-fedora-clang 0.1.4 87.88 NOTE
r-devel-linux-x86_64-fedora-gcc 0.1.4 84.82 NOTE
r-devel-windows-x86_64 0.1.4 31.00 91.00 122.00 OK
r-patched-linux-x86_64 0.1.4 6.52 57.69 64.21 OK
r-release-linux-x86_64 0.1.4 4.19 63.21 67.40 OK
r-release-macos-arm64 0.1.4 27.00 NOTE
r-release-macos-x86_64 0.1.4 54.00 NOTE
r-release-windows-x86_64 0.1.4 33.00 103.00 136.00 OK
r-oldrel-macos-arm64 0.1.4 33.00 NOTE
r-oldrel-macos-x86_64 0.1.4 44.00 NOTE
r-oldrel-windows-ix86+x86_64 0.1.4 14.00 86.00 100.00 OK

Check Details

Version: 0.1.4
Check: dependencies in R code
Result: NOTE
    Namespaces in Imports field not imported from:
     ‘MASS’ ‘broom’ ‘diptest’ ‘ggplot2’ ‘hexbin’ ‘moments’
     All declared Imports should be used.
Flavors: r-devel-linux-x86_64-fedora-clang, r-devel-linux-x86_64-fedora-gcc, r-release-macos-arm64, r-release-macos-x86_64, r-oldrel-macos-arm64, r-oldrel-macos-x86_64