CRAN Package Check Results for Package automl

Last updated on 2022-10-04 06:56:18 CEST.

Flavor Version Tinstall Tcheck Ttotal Status Flags
r-devel-linux-x86_64-debian-clang 1.3.2 4.78 43.28 48.06 NOTE
r-devel-linux-x86_64-debian-gcc 1.3.2 3.90 32.92 36.82 NOTE
r-devel-linux-x86_64-fedora-clang 1.3.2 72.87 NOTE
r-devel-linux-x86_64-fedora-gcc 1.3.2 70.53 NOTE
r-devel-windows-x86_64 1.3.2 18.00 74.00 92.00 NOTE
r-patched-linux-x86_64 1.3.2 4.33 41.91 46.24 NOTE
r-release-linux-x86_64 1.3.2 5.19 41.44 46.63 NOTE
r-release-macos-arm64 1.3.2 22.00 NOTE
r-release-macos-x86_64 1.3.2 33.00 NOTE
r-release-windows-x86_64 1.3.2 9.00 72.00 81.00 NOTE
r-oldrel-macos-arm64 1.3.2 25.00 NOTE
r-oldrel-macos-x86_64 1.3.2 41.00 NOTE
r-oldrel-windows-ix86+x86_64 1.3.2 9.00 55.00 64.00 NOTE

Check Details

Version: 1.3.2
Check: LazyData
Result: NOTE
     'LazyData' is specified without a 'data' directory
Flavors: r-devel-linux-x86_64-debian-clang, r-devel-linux-x86_64-debian-gcc, r-devel-linux-x86_64-fedora-clang, r-devel-linux-x86_64-fedora-gcc, r-devel-windows-x86_64, r-patched-linux-x86_64, r-release-linux-x86_64, r-release-macos-arm64, r-release-macos-x86_64, r-release-windows-x86_64, r-oldrel-macos-arm64, r-oldrel-macos-x86_64, r-oldrel-windows-ix86+x86_64