CRAN Package Check Results for Package available

Last updated on 2020-10-28 05:48:28 CET.

Flavor Version Tinstall Tcheck Ttotal Status Flags
r-devel-linux-x86_64-debian-clang 1.0.4 2.97 36.22 39.19 NOTE
r-devel-linux-x86_64-debian-gcc 1.0.4 2.59 28.38 30.97 NOTE
r-devel-linux-x86_64-fedora-clang 1.0.4 58.15 NOTE
r-devel-linux-x86_64-fedora-gcc 1.0.4 46.15 NOTE
r-devel-windows-ix86+x86_64 1.0.4 7.00 52.00 59.00 NOTE
r-patched-linux-x86_64 1.0.4 NOTE
r-patched-solaris-x86 1.0.4 71.80 NOTE
r-release-linux-x86_64 1.0.4 2.86 35.22 38.08 NOTE
r-release-macos-x86_64 1.0.4 NOTE
r-release-windows-ix86+x86_64 1.0.4 6.00 41.00 47.00 NOTE
r-oldrel-macos-x86_64 1.0.4 NOTE
r-oldrel-windows-ix86+x86_64 1.0.4 5.00 54.00 59.00 OK

Check Details

Version: 1.0.4
Check: package dependencies
Result: NOTE
    Package suggested but not available for checking: 'BiocInstaller'
Flavors: r-devel-linux-x86_64-debian-clang, r-devel-linux-x86_64-debian-gcc, r-devel-linux-x86_64-fedora-clang, r-devel-linux-x86_64-fedora-gcc, r-devel-windows-ix86+x86_64, r-patched-linux-x86_64, r-patched-solaris-x86, r-release-linux-x86_64, r-release-macos-x86_64, r-release-windows-ix86+x86_64, r-oldrel-macos-x86_64