CRAN Package Check Results for Package available

Last updated on 2021-02-27 06:46:49 CET.

Flavor Version Tinstall Tcheck Ttotal Status Flags
r-devel-linux-x86_64-debian-clang 1.0.4 2.95 39.13 42.08 NOTE
r-devel-linux-x86_64-debian-gcc 1.0.4 2.83 30.36 33.19 NOTE
r-devel-linux-x86_64-fedora-clang 1.0.4 62.47 NOTE
r-devel-linux-x86_64-fedora-gcc 1.0.4 53.71 NOTE
r-devel-windows-ix86+x86_64 1.0.4 6.00 42.00 48.00 NOTE
r-patched-linux-x86_64 1.0.4 3.22 37.67 40.89 NOTE
r-patched-solaris-x86 1.0.4 76.90 NOTE
r-release-linux-x86_64 1.0.4 3.07 37.76 40.83 NOTE
r-release-macos-x86_64 1.0.4 NOTE
r-release-windows-ix86+x86_64 1.0.4 8.00 58.00 66.00 NOTE
r-oldrel-macos-x86_64 1.0.4 NOTE
r-oldrel-windows-ix86+x86_64 1.0.4 4.00 56.00 60.00 OK

Check Details

Version: 1.0.4
Check: package dependencies
Result: NOTE
    Package suggested but not available for checking: 'BiocInstaller'
Flavors: r-devel-linux-x86_64-debian-clang, r-devel-linux-x86_64-debian-gcc, r-devel-linux-x86_64-fedora-clang, r-devel-linux-x86_64-fedora-gcc, r-devel-windows-ix86+x86_64, r-patched-linux-x86_64, r-patched-solaris-x86, r-release-linux-x86_64, r-release-macos-x86_64, r-release-windows-ix86+x86_64, r-oldrel-macos-x86_64