CRAN Package Check Results for Package aws.s3

Last updated on 2020-09-22 06:47:17 CEST.

Flavor Version Tinstall Tcheck Ttotal Status Flags
r-devel-linux-x86_64-debian-clang 0.3.21 4.66 37.97 42.63 OK
r-devel-linux-x86_64-debian-gcc 0.3.21 0.37 2.26 2.63 ERROR
r-devel-linux-x86_64-fedora-clang 0.3.21 60.25 OK
r-devel-linux-x86_64-fedora-gcc 0.3.21 50.91 OK
r-devel-windows-ix86+x86_64 0.3.21 12.00 64.00 76.00 OK
r-patched-linux-x86_64 0.3.21 4.53 37.38 41.91 OK
r-patched-solaris-x86 0.3.21 71.20 OK
r-release-linux-x86_64 0.3.21 4.27 37.35 41.62 OK
r-release-macos-x86_64 0.3.21 OK
r-release-windows-ix86+x86_64 0.3.21 13.00 74.00 87.00 OK
r-oldrel-macos-x86_64 0.3.21 OK
r-oldrel-windows-ix86+x86_64 0.3.21 9.00 74.00 83.00 OK

Check Details

Version: 0.3.21
Check: whether package can be installed
Result: ERROR
    Installation failed.
Flavor: r-devel-linux-x86_64-debian-gcc