CRAN Package Check Results for Package awsjavasdk

Last updated on 2020-10-20 06:46:40 CEST.

Flavor Version Tinstall Tcheck Ttotal Status Flags
r-devel-linux-x86_64-debian-clang 0.2.0 4.44 64.13 68.57 OK
r-devel-linux-x86_64-debian-gcc 0.2.0 3.44 49.69 53.13 OK
r-devel-linux-x86_64-fedora-clang 0.2.0 86.86 OK
r-devel-linux-x86_64-fedora-gcc 0.2.0 76.53 OK
r-devel-windows-ix86+x86_64 0.2.0 8.00 158.00 166.00 OK --no-vignettes
r-patched-linux-x86_64 0.2.0 4.50 61.13 65.63 OK
r-patched-solaris-x86 0.2.0 109.40 ERROR
r-release-linux-x86_64 0.2.0 4.83 62.34 67.17 OK
r-release-macos-x86_64 0.2.0 OK
r-release-windows-ix86+x86_64 0.2.0 8.00 167.00 175.00 OK --no-vignettes
r-oldrel-macos-x86_64 0.2.0 OK
r-oldrel-windows-ix86+x86_64 0.2.0 4.00 6.00 10.00 ERROR --no-vignettes

Check Details

Version: 0.2.0
Check: tests
Result: ERROR
     Running ‘testthat.R’ [27s/67s]
    Running the tests in ‘tests/testthat.R’ failed.
    Complete output:
     > library(testthat)
     > library(awsjavasdk)
     awsjavasdk did not detect its own copy of the AWS SDK. You must execute install_aws_sdk() in order to download the SDK and for the package to work as expected. If you've previously installed to a non-standard location, call set_sdk_file_root({{your alt_install root}}, confirm = TRUE) to point this package to that location and then run awsjavasdk::load_sdk()
     >
     > test_check("awsjavasdk")
     trying URL 'https://sdk-for-java.amazonwebservices.com/latest/aws-java-sdk.zip'
     Content type 'application/zip' length 653099610 bytes (622.8 MB)
     ============================================
     downloaded 550.5 MB
    
     ── 1. Error: Alternate install location (@test-awsjavasdk.R#62) ───────────────
     download from 'https://sdk-for-java.amazonwebservices.com/latest/aws-java-sdk.zip' failed
     Backtrace:
     1. testthat::expect_true(install_aws_sdk(alt_install))
     4. awsjavasdk::install_aws_sdk(alt_install)
     5. utils::download.file(...)
    
     ── 2. Error: sdk loads and is usable after a detach in an alternate location (@t
     java.lang.ClassNotFoundException
    
     ══ testthat results ═══════════════════════════════════════════════════════════
     [ OK: 2 | SKIPPED: 5 | WARNINGS: 2 | FAILED: 2 ]
     1. Error: Alternate install location (@test-awsjavasdk.R#62)
     2. Error: sdk loads and is usable after a detach in an alternate location (@test-awsjavasdk.R#76)
    
     Error: testthat unit tests failed
     Execution halted
Flavor: r-patched-solaris-x86

Version: 0.2.0
Flags: --no-vignettes
Check: whether package can be installed
Result: ERROR
    Installation failed.
Flavor: r-oldrel-windows-ix86+x86_64