CRAN Package Check Results for Package babynames

Last updated on 2020-08-13 06:47:19 CEST.

Flavor Version Tinstall Tcheck Ttotal Status Flags
r-devel-linux-x86_64-debian-clang 1.0.0 12.02 40.71 52.73 OK
r-devel-linux-x86_64-debian-gcc 1.0.0 11.34 32.49 43.83 OK
r-devel-linux-x86_64-fedora-clang 1.0.0 75.87 NOTE
r-devel-linux-x86_64-fedora-gcc 1.0.0 65.35 OK
r-devel-windows-ix86+x86_64 1.0.0 21.00 71.00 92.00 NOTE
r-patched-linux-x86_64 1.0.0 12.41 39.80 52.21 OK
r-patched-solaris-x86 1.0.0 111.40 NOTE
r-release-linux-x86_64 1.0.0 12.06 39.72 51.78 OK
r-release-macos-x86_64 1.0.0 NOTE
r-release-windows-ix86+x86_64 1.0.0 27.00 75.00 102.00 NOTE
r-oldrel-macos-x86_64 1.0.0 NOTE
r-oldrel-windows-ix86+x86_64 1.0.0 15.00 53.00 68.00 NOTE

Check Details

Version: 1.0.0
Check: installed package size
Result: NOTE
     installed size is 9.5Mb
     sub-directories of 1Mb or more:
     data 9.4Mb
Flavors: r-devel-linux-x86_64-fedora-clang, r-devel-windows-ix86+x86_64, r-patched-solaris-x86, r-release-macos-x86_64, r-release-windows-ix86+x86_64, r-oldrel-macos-x86_64, r-oldrel-windows-ix86+x86_64