Last updated on 2023-03-25 05:50:26 CET.
Flavor | Version | Tinstall | Tcheck | Ttotal | Status | Flags |
---|---|---|---|---|---|---|
r-devel-linux-x86_64-debian-clang | 0.0.1 | 6.20 | 37.81 | 44.01 | OK | |
r-devel-linux-x86_64-debian-gcc | 0.0.1 | 6.10 | 28.88 | 34.98 | OK | |
r-devel-linux-x86_64-fedora-clang | 0.0.1 | 57.27 | NOTE | |||
r-devel-linux-x86_64-fedora-gcc | 0.0.1 | 53.59 | NOTE | |||
r-devel-windows-x86_64 | 0.0.1 | 17.00 | 66.00 | 83.00 | OK | |
r-patched-linux-x86_64 | 0.0.1 | 6.31 | 37.59 | 43.90 | OK | |
r-release-linux-x86_64 | 0.0.1 | 6.78 | 38.07 | 44.85 | OK | |
r-release-macos-arm64 | 0.0.1 | 23.00 | NOTE | |||
r-release-macos-x86_64 | 0.0.1 | 32.00 | NOTE | |||
r-release-windows-x86_64 | 0.0.1 | 19.00 | 99.00 | 118.00 | OK | |
r-oldrel-macos-arm64 | 0.0.1 | 24.00 | NOTE | |||
r-oldrel-macos-x86_64 | 0.0.1 | 33.00 | NOTE | |||
r-oldrel-windows-ix86+x86_64 | 0.0.1 | 13.00 | 63.00 | 76.00 | OK |
Version: 0.0.1
Check: data for non-ASCII characters
Result: NOTE
Note: found 133353 marked UTF-8 strings
Flavors: r-devel-linux-x86_64-fedora-clang, r-devel-linux-x86_64-fedora-gcc, r-release-macos-arm64, r-release-macos-x86_64, r-oldrel-macos-arm64, r-oldrel-macos-x86_64