CRAN Package Check Results for Package backbone

Last updated on 2020-10-20 06:46:40 CEST.

Flavor Version Tinstall Tcheck Ttotal Status Flags
r-devel-linux-x86_64-debian-clang 1.2.2 19.89 152.57 172.46 OK
r-devel-linux-x86_64-debian-gcc 1.2.2 13.55 108.27 121.82 OK
r-devel-linux-x86_64-fedora-clang 1.2.2 204.72 NOTE
r-devel-linux-x86_64-fedora-gcc 1.2.2 196.78 OK
r-devel-windows-ix86+x86_64 1.2.2 38.00 229.00 267.00 OK
r-patched-linux-x86_64 1.2.2 15.84 145.27 161.11 OK
r-patched-solaris-x86 1.2.2 235.90 OK
r-release-linux-x86_64 1.2.2 16.01 144.74 160.75 OK
r-release-macos-x86_64 1.2.2 OK
r-release-windows-ix86+x86_64 1.2.2 46.00 309.00 355.00 OK
r-oldrel-macos-x86_64 1.2.2 OK
r-oldrel-windows-ix86+x86_64 1.2.2 30.00 212.00 242.00 OK

Check Details

Version: 1.2.2
Check: Rd cross-references
Result: NOTE
    Undeclared package ‘poibin’ in Rd xrefs
Flavor: r-devel-linux-x86_64-fedora-clang