Last updated on 2021-01-27 06:48:17 CET.
Flavor | Version | Tinstall | Tcheck | Ttotal | Status | Flags |
---|---|---|---|---|---|---|
r-devel-linux-x86_64-debian-clang | 1.2.2 | 19.23 | 148.39 | 167.62 | OK | |
r-devel-linux-x86_64-debian-gcc | 1.2.2 | 11.57 | 109.43 | 121.00 | OK | |
r-devel-linux-x86_64-fedora-clang | 1.2.2 | 206.43 | NOTE | |||
r-devel-linux-x86_64-fedora-gcc | 1.2.2 | 210.61 | OK | |||
r-devel-windows-ix86+x86_64 | 1.2.2 | 45.00 | 310.00 | 355.00 | OK | |
r-patched-linux-x86_64 | 1.2.2 | 17.05 | 146.20 | 163.25 | OK | |
r-patched-solaris-x86 | 1.2.2 | 232.50 | OK | |||
r-release-linux-x86_64 | 1.2.2 | 14.41 | 146.35 | 160.76 | OK | |
r-release-macos-x86_64 | 1.2.2 | OK | ||||
r-release-windows-ix86+x86_64 | 1.2.2 | 46.00 | 249.00 | 295.00 | OK | |
r-oldrel-macos-x86_64 | 1.2.2 | OK | ||||
r-oldrel-windows-ix86+x86_64 | 1.2.2 | 37.00 | 252.00 | 289.00 | OK |
Version: 1.2.2
Check: Rd cross-references
Result: NOTE
Undeclared package ‘poibin’ in Rd xrefs
Flavor: r-devel-linux-x86_64-fedora-clang