CRAN Package Check Results for Package baggr

Last updated on 2020-08-11 06:47:12 CEST.

Flavor Version Tinstall Tcheck Ttotal Status Flags
r-devel-linux-x86_64-debian-clang 0.4.0 598.73 614.42 1213.15 NOTE
r-devel-linux-x86_64-debian-gcc 0.4.0 550.63 512.29 1062.92 NOTE
r-devel-linux-x86_64-fedora-clang 0.4.0 1531.77 NOTE
r-devel-linux-x86_64-fedora-gcc 0.4.0 1756.42 NOTE
r-devel-windows-ix86+x86_64 0.4.0 1159.00 1238.00 2397.00 NOTE
r-patched-linux-x86_64 0.4.0 543.33 661.76 1205.09 NOTE
r-patched-solaris-x86 0.4.0 1896.30 NOTE
r-release-linux-x86_64 0.4.0 0.02 3.44 3.46 ERROR
r-release-macos-x86_64 0.4.0 NOTE
r-release-windows-ix86+x86_64 0.4.0 1375.00 1262.00 2637.00 NOTE
r-oldrel-macos-x86_64 0.4.0 NOTE
r-oldrel-windows-ix86+x86_64 0.4.0 946.00 1022.00 1968.00 NOTE

Check Details

Version: 0.4.0
Check: for GNU extensions in Makefiles
Result: NOTE
    GNU make is a SystemRequirements.
Flavors: r-devel-linux-x86_64-debian-clang, r-devel-linux-x86_64-debian-gcc, r-devel-linux-x86_64-fedora-clang, r-devel-linux-x86_64-fedora-gcc, r-devel-windows-ix86+x86_64, r-patched-linux-x86_64, r-patched-solaris-x86, r-release-macos-x86_64, r-release-windows-ix86+x86_64, r-oldrel-macos-x86_64, r-oldrel-windows-ix86+x86_64

Version: 0.4.0
Check: installed package size
Result: NOTE
     installed size is 106.6Mb
     sub-directories of 1Mb or more:
     libs 105.4Mb
Flavors: r-devel-linux-x86_64-fedora-clang, r-devel-windows-ix86+x86_64, r-patched-solaris-x86, r-release-macos-x86_64, r-release-windows-ix86+x86_64, r-oldrel-macos-x86_64, r-oldrel-windows-ix86+x86_64

Version: 0.4.0
Check: whether package can be installed
Result: ERROR
    Installation failed.
Flavor: r-release-linux-x86_64