CRAN Package Check Results for Package bambooHR

Last updated on 2022-09-29 06:54:16 CEST.

Flavor Version Tinstall Tcheck Ttotal Status Flags
r-devel-linux-x86_64-debian-clang 0.1.0 3.11 36.43 39.54 OK
r-devel-linux-x86_64-debian-gcc 0.1.0 3.02 27.98 31.00 OK
r-devel-linux-x86_64-fedora-clang 0.1.0 61.63 NOTE
r-devel-linux-x86_64-fedora-gcc 0.1.0 60.50 NOTE
r-devel-windows-x86_64 0.1.0 27.00 63.00 90.00 OK
r-patched-linux-x86_64 0.1.0 2.83 34.32 37.15 OK
r-release-linux-x86_64 0.1.0 3.20 35.02 38.22 OK
r-release-macos-arm64 0.1.0 18.00 NOTE
r-release-macos-x86_64 0.1.0 37.00 NOTE
r-release-windows-x86_64 0.1.0 23.00 64.00 87.00 OK
r-oldrel-macos-arm64 0.1.0 19.00 NOTE
r-oldrel-macos-x86_64 0.1.0 26.00 NOTE
r-oldrel-windows-ix86+x86_64 0.1.0 9.00 62.00 71.00 OK

Check Details

Version: 0.1.0
Check: dependencies in R code
Result: NOTE
    Namespaces in Imports field not imported from:
     ‘fs’ ‘testthat’
     All declared Imports should be used.
Flavors: r-devel-linux-x86_64-fedora-clang, r-devel-linux-x86_64-fedora-gcc, r-release-macos-arm64, r-release-macos-x86_64, r-oldrel-macos-arm64, r-oldrel-macos-x86_64