CRAN Package Check Results for Package bamlss

Last updated on 2024-02-27 06:50:25 CET.

Flavor Version Tinstall Tcheck Ttotal Status Flags
r-devel-linux-x86_64-debian-clang 1.2-2 73.94 428.52 502.46 OK
r-devel-linux-x86_64-debian-gcc 1.2-2 61.78 320.33 382.11 OK
r-devel-linux-x86_64-fedora-clang 1.2-2 630.71 NOTE
r-devel-linux-x86_64-fedora-gcc 1.2-2 652.65 OK
r-devel-windows-x86_64 1.2-2 66.00 297.00 363.00 NOTE
r-patched-linux-x86_64 1.2-2 84.94 433.84 518.78 OK
r-release-linux-x86_64 1.2-2 75.73 430.55 506.28 OK
r-release-macos-arm64 1.2-2 164.00 NOTE
r-release-macos-x86_64 1.2-2 362.00 NOTE
r-release-windows-x86_64 1.2-2 92.00 402.00 494.00 NOTE
r-oldrel-macos-arm64 1.2-2 152.00 NOTE
r-oldrel-windows-x86_64 1.2-2 92.00 395.00 487.00 NOTE

Check Details

Version: 1.2-2
Check: installed package size
Result: NOTE installed size is 6.2Mb sub-directories of 1Mb or more: R 2.5Mb data 1.3Mb doc 1.8Mb Flavors: r-devel-linux-x86_64-fedora-clang, r-devel-windows-x86_64, r-release-macos-arm64, r-release-macos-x86_64, r-release-windows-x86_64, r-oldrel-macos-arm64, r-oldrel-windows-x86_64

Version: 1.2-2
Check: Rd cross-references
Result: NOTE Undeclared package ‘akima’ in Rd xrefs Flavor: r-devel-linux-x86_64-fedora-clang