CRAN Package Check Results for Package bannerCommenter

Last updated on 2024-07-16 07:01:32 CEST.

Flavor Version Tinstall Tcheck Ttotal Status Flags
r-devel-linux-x86_64-debian-clang 1.0.0 2.11 30.61 32.72 NOTE
r-devel-linux-x86_64-debian-gcc 1.0.0 1.65 24.61 26.26 NOTE
r-devel-linux-x86_64-fedora-clang 1.0.0 44.10 NOTE
r-devel-linux-x86_64-fedora-gcc 1.0.0 54.55 NOTE
r-devel-windows-x86_64 1.0.0 3.00 56.00 59.00 NOTE
r-patched-linux-x86_64 1.0.0 2.23 30.75 32.98 NOTE
r-release-linux-x86_64 1.0.0 2.01 30.76 32.77 NOTE
r-release-macos-arm64 1.0.0 25.00 NOTE
r-release-macos-x86_64 1.0.0 41.00 NOTE
r-release-windows-x86_64 1.0.0 2.00 55.00 57.00 NOTE
r-oldrel-macos-arm64 1.0.0 32.00 NOTE
r-oldrel-macos-x86_64 1.0.0 34.00 NOTE
r-oldrel-windows-x86_64 1.0.0 4.00 53.00 57.00 NOTE

Check Details

Version: 1.0.0
Check: LazyData
Result: NOTE 'LazyData' is specified without a 'data' directory Flavors: r-devel-linux-x86_64-debian-clang, r-devel-linux-x86_64-debian-gcc, r-devel-linux-x86_64-fedora-clang, r-devel-linux-x86_64-fedora-gcc, r-devel-windows-x86_64, r-patched-linux-x86_64, r-release-linux-x86_64, r-release-macos-arm64, r-release-macos-x86_64, r-release-windows-x86_64, r-oldrel-macos-arm64, r-oldrel-macos-x86_64, r-oldrel-windows-x86_64