CRAN Package Check Results for Package base64enc

Last updated on 2020-11-24 06:46:39 CET.

Flavor Version Tinstall Tcheck Ttotal Status Flags
r-devel-linux-x86_64-debian-clang 0.1-3 3.15 20.76 23.91 OK
r-devel-linux-x86_64-debian-gcc 0.1-3 1.93 16.04 17.97 OK
r-devel-linux-x86_64-fedora-clang 0.1-3 35.20 NOTE
r-devel-linux-x86_64-fedora-gcc 0.1-3 25.11 NOTE
r-devel-windows-ix86+x86_64 0.1-3 9.00 40.00 49.00 OK
r-patched-linux-x86_64 0.1-3 3.26 19.57 22.83 OK
r-patched-solaris-x86 0.1-3 38.00 OK
r-release-linux-x86_64 0.1-3 2.04 19.96 22.00 OK
r-release-macos-x86_64 0.1-3 OK
r-release-windows-ix86+x86_64 0.1-3 10.00 40.00 50.00 OK
r-oldrel-macos-x86_64 0.1-3 OK
r-oldrel-windows-ix86+x86_64 0.1-3 12.00 48.00 60.00 OK

Check Details

Version: 0.1-3
Check: compiled code
Result: NOTE
    File ‘base64enc/libs/base64enc.so’:
     Found no calls to: ‘R_registerRoutines’, ‘R_useDynamicSymbols’
    
    It is good practice to register native routines and to disable symbol
    search.
    
    See ‘Writing portable packages’ in the ‘Writing R Extensions’ manual.
Flavors: r-devel-linux-x86_64-fedora-clang, r-devel-linux-x86_64-fedora-gcc