CRAN Package Check Results for Package basedosdados

Last updated on 2022-01-20 06:49:13 CET.

Flavor Version Tinstall Tcheck Ttotal Status Flags
r-devel-linux-x86_64-debian-clang 0.1.0 OK
r-devel-linux-x86_64-debian-gcc 0.1.0 6.89 56.51 63.40 OK
r-devel-linux-x86_64-fedora-clang 0.1.0 99.60 NOTE
r-devel-linux-x86_64-fedora-gcc 0.1.0 87.15 NOTE
r-devel-windows-x86_64-new-UL 0.1.0 66.00 107.00 173.00 OK
r-devel-windows-x86_64-new-TK 0.1.0 NOTE
r-patched-linux-x86_64 0.1.0 8.12 71.29 79.41 OK
r-release-linux-x86_64 0.1.0 OK
r-release-macos-arm64 0.1.0 NOTE
r-release-macos-x86_64 0.1.0 NOTE
r-release-windows-ix86+x86_64 0.1.0 20.00 95.00 115.00 OK
r-oldrel-macos-x86_64 0.1.0 NOTE
r-oldrel-windows-ix86+x86_64 0.1.0 21.00 99.00 120.00 OK

Check Details

Version: 0.1.0
Check: dependencies in R code
Result: NOTE
    Namespaces in Imports field not imported from:
     ‘dbplyr’ ‘dotenv’ ‘googleAuthR’ ‘httr’ ‘writexl’
     All declared Imports should be used.
Flavors: r-devel-linux-x86_64-fedora-clang, r-devel-linux-x86_64-fedora-gcc, r-devel-windows-x86_64-new-TK, r-release-macos-arm64, r-release-macos-x86_64, r-oldrel-macos-x86_64

Version: 0.1.0
Check: Rd cross-references
Result: NOTE
    Undeclared packages ‘jsonlite’, ‘arrow’ in Rd xrefs
Flavor: r-devel-linux-x86_64-fedora-clang