Last updated on 2023-12-02 06:48:08 CET.
Flavor | Version | Tinstall | Tcheck | Ttotal | Status | Flags |
---|---|---|---|---|---|---|
r-devel-linux-x86_64-debian-clang | 0.9.17 | 13.34 | 165.12 | 178.46 | NOTE | |
r-devel-linux-x86_64-debian-gcc | 0.9.17 | 11.45 | 121.42 | 132.87 | NOTE | |
r-devel-linux-x86_64-fedora-clang | 0.9.17 | 234.43 | NOTE | |||
r-devel-linux-x86_64-fedora-gcc | 0.9.17 | 223.82 | OK | |||
r-devel-windows-x86_64 | 0.9.17 | 17.00 | 175.00 | 192.00 | OK | |
r-patched-linux-x86_64 | 0.9.17 | 20.76 | 153.06 | 173.82 | OK | |
r-release-linux-x86_64 | 0.9.17 | 15.49 | 153.93 | 169.42 | OK | |
r-release-macos-arm64 | 0.9.17 | 92.00 | NOTE | |||
r-release-macos-x86_64 | 0.9.17 | 158.00 | NOTE | |||
r-release-windows-x86_64 | 0.9.17 | 19.00 | 212.00 | 231.00 | OK | |
r-oldrel-macos-arm64 | 0.9.17 | 84.00 | NOTE | |||
r-oldrel-macos-x86_64 | 0.9.17 | 113.00 | NOTE | |||
r-oldrel-windows-x86_64 | 0.9.17 | 20.00 | 194.00 | 214.00 | OK |
Version: 0.9.17
Check: Rd files
Result: NOTE
checkRd: (-1) JobCollection.Rd:41: Lost braces
41 | \item{namespaces}{code{character} with required packages to load via \code{\link[base]{requireNamespace}}.}
| ^
checkRd: (-1) addAlgorithm.Rd:31: Lost braces
31 | Algorithms are functions which get the code{data} part as well as the problem instance (the return value of the
| ^
Flavors: r-devel-linux-x86_64-debian-clang, r-devel-linux-x86_64-debian-gcc
Version: 0.9.17
Check: Rd cross-references
Result: NOTE
Undeclared package ‘Rmpi’ in Rd xrefs
Flavor: r-devel-linux-x86_64-fedora-clang
Version: 0.9.17
Check: package dependencies
Result: NOTE
Package suggested but not available for checking: ‘doMPI’
Flavors: r-release-macos-arm64, r-release-macos-x86_64, r-oldrel-macos-arm64, r-oldrel-macos-x86_64
Version: 0.9.17
Check: Rd cross-references
Result: NOTE
Package unavailable to check Rd xrefs: ‘Rmpi’
Flavors: r-release-macos-arm64, r-release-macos-x86_64, r-oldrel-macos-arm64, r-oldrel-macos-x86_64