CRAN Package Check Results for Package bayesCT

Last updated on 2020-09-22 06:47:17 CEST.

Flavor Version Tinstall Tcheck Ttotal Status Flags
r-devel-linux-x86_64-debian-clang 0.99.3 12.93 351.05 363.98 OK
r-devel-linux-x86_64-debian-gcc 0.99.3 0.33 2.51 2.84 ERROR
r-devel-linux-x86_64-fedora-clang 0.99.3 428.48 OK
r-devel-linux-x86_64-fedora-gcc 0.99.3 432.66 OK
r-devel-windows-ix86+x86_64 0.99.3 30.00 330.00 360.00 OK
r-patched-linux-x86_64 0.99.3 11.95 342.24 354.19 OK
r-patched-solaris-x86 0.99.3 575.40 OK
r-release-linux-x86_64 0.99.3 13.44 344.72 358.16 OK
r-release-macos-x86_64 0.99.3 OK
r-release-windows-ix86+x86_64 0.99.3 32.00 434.00 466.00 OK
r-oldrel-macos-x86_64 0.99.3 OK
r-oldrel-windows-ix86+x86_64 0.99.3 18.00 402.00 420.00 OK

Check Details

Version: 0.99.3
Check: whether package can be installed
Result: ERROR
    Installation failed.
Flavor: r-devel-linux-x86_64-debian-gcc