Last updated on 2023-01-28 07:14:48 CET.
Flavor | Version | Tinstall | Tcheck | Ttotal | Status | Flags |
---|---|---|---|---|---|---|
r-devel-linux-x86_64-debian-clang | 1.3.6 | 62.61 | 182.71 | 245.32 | OK | |
r-devel-linux-x86_64-debian-gcc | 1.3.6 | 50.93 | 132.48 | 183.41 | OK | |
r-devel-linux-x86_64-fedora-clang | 1.3.6 | 336.02 | OK | |||
r-devel-linux-x86_64-fedora-gcc | 1.3.6 | 312.33 | OK | |||
r-devel-windows-x86_64 | 1.3.6 | 71.00 | 219.00 | 290.00 | OK | |
r-patched-linux-x86_64 | 1.3.6 | 47.45 | 171.18 | 218.63 | OK | |
r-release-linux-x86_64 | 1.3.6 | 52.11 | 155.74 | 207.85 | OK | |
r-release-macos-arm64 | 1.3.6 | 81.00 | NOTE | |||
r-release-macos-x86_64 | 1.3.6 | 109.00 | NOTE | |||
r-release-windows-x86_64 | 1.3.6 | 73.00 | 213.00 | 286.00 | OK | |
r-oldrel-macos-arm64 | 1.3.6 | 70.00 | NOTE | |||
r-oldrel-macos-x86_64 | 1.3.6 | 108.00 | NOTE | |||
r-oldrel-windows-ix86+x86_64 | 1.3.6 | 149.00 | 248.00 | 397.00 | NOTE |
Version: 1.3.6
Check: installed package size
Result: NOTE
installed size is 5.4Mb
sub-directories of 1Mb or more:
doc 2.2Mb
libs 2.6Mb
Flavors: r-release-macos-arm64, r-release-macos-x86_64, r-oldrel-macos-arm64, r-oldrel-macos-x86_64, r-oldrel-windows-ix86+x86_64