CRAN Package Check Results for Package bayesDP

Last updated on 2020-08-14 06:48:48 CEST.

Flavor Version Tinstall Tcheck Ttotal Status Flags
r-devel-linux-x86_64-debian-clang 1.3.3 59.30 142.70 202.00 OK
r-devel-linux-x86_64-debian-gcc 1.3.3 43.60 106.44 150.04 OK
r-devel-linux-x86_64-fedora-clang 1.3.3 253.70 OK
r-devel-linux-x86_64-fedora-gcc 1.3.3 242.80 OK
r-devel-windows-ix86+x86_64 1.3.3 176.00 183.00 359.00 OK
r-patched-linux-x86_64 1.3.3 49.12 135.51 184.63 OK
r-patched-solaris-x86 1.3.3 296.50 OK
r-release-linux-x86_64 1.3.3 47.40 135.19 182.59 OK
r-release-macos-x86_64 1.3.3 NOTE
r-release-windows-ix86+x86_64 1.3.3 151.00 267.00 418.00 OK
r-oldrel-macos-x86_64 1.3.3 OK
r-oldrel-windows-ix86+x86_64 1.3.3 106.00 164.00 270.00 OK

Check Details

Version: 1.3.3
Check: installed package size
Result: NOTE
     installed size is 5.0Mb
     sub-directories of 1Mb or more:
     doc 2.2Mb
     libs 2.5Mb
Flavor: r-release-macos-x86_64