CRAN Package Check Results for Package bayesGAM

Last updated on 2021-06-13 06:49:43 CEST.

Flavor Version Tinstall Tcheck Ttotal Status Flags
r-devel-linux-x86_64-debian-clang 0.0.1 655.37 224.31 879.68 NOTE
r-devel-linux-x86_64-debian-gcc 0.0.1 510.40 191.82 702.22 NOTE
r-devel-linux-x86_64-fedora-clang 0.0.1 1180.54 NOTE
r-devel-linux-x86_64-fedora-gcc 0.0.1 1197.56 NOTE
r-devel-windows-x86_64 0.0.1 652.00 327.00 979.00 NOTE
r-devel-windows-x86_64-gcc10-UCRT 0.0.1 WARN
r-patched-linux-x86_64 0.0.1 474.00 239.09 713.09 NOTE
r-patched-solaris-x86 0.0.1 1214.30 NOTE
r-release-linux-x86_64 0.0.1 532.65 240.46 773.11 NOTE
r-release-macos-arm64 0.0.1 NOTE
r-release-macos-x86_64 0.0.1 NOTE
r-release-windows-ix86+x86_64 0.0.1 1080.00 548.00 1628.00 NOTE
r-oldrel-macos-x86_64 0.0.1 NOTE
r-oldrel-windows-ix86+x86_64 0.0.1 1231.00 577.00 1808.00 NOTE

Check Details

Version: 0.0.1
Check: for GNU extensions in Makefiles
Result: NOTE
    GNU make is a SystemRequirements.
Flavors: r-devel-linux-x86_64-debian-clang, r-devel-linux-x86_64-debian-gcc, r-devel-linux-x86_64-fedora-clang, r-devel-linux-x86_64-fedora-gcc, r-devel-windows-x86_64, r-devel-windows-x86_64-gcc10-UCRT, r-patched-linux-x86_64, r-patched-solaris-x86, r-release-linux-x86_64, r-release-macos-arm64, r-release-macos-x86_64, r-release-windows-ix86+x86_64, r-oldrel-macos-x86_64, r-oldrel-windows-ix86+x86_64

Version: 0.0.1
Check: installed package size
Result: NOTE
     installed size is 91.2Mb
     sub-directories of 1Mb or more:
     libs 90.2Mb
Flavors: r-devel-linux-x86_64-fedora-clang, r-devel-windows-x86_64, r-patched-solaris-x86, r-release-macos-arm64, r-release-macos-x86_64, r-release-windows-ix86+x86_64, r-oldrel-macos-x86_64, r-oldrel-windows-ix86+x86_64

Version: 0.0.1
Check: dependencies in R code
Result: NOTE
    Namespaces in Imports field not imported from:
     ‘MASS’ ‘RcppParallel’ ‘mlbench’ ‘rstantools’
     All declared Imports should be used.
Flavors: r-devel-linux-x86_64-fedora-clang, r-devel-linux-x86_64-fedora-gcc, r-devel-windows-x86_64-gcc10-UCRT, r-patched-solaris-x86, r-release-macos-arm64, r-release-macos-x86_64, r-oldrel-macos-x86_64

Version: 0.0.1
Check: line endings in Makefiles
Result: WARN
    Found the following Makefile(s) with CR or CRLF line endings:
     src/Makevars
    Some Unix 'make' programs require LF line endings.
Flavor: r-devel-windows-x86_64-gcc10-UCRT