CRAN Package Check Results for Package bayesSurv

Last updated on 2024-04-21 06:54:48 CEST.

Flavor Version Tinstall Tcheck Ttotal Status Flags
r-devel-linux-x86_64-debian-clang 3.7 158.94 138.08 297.02 OK
r-devel-linux-x86_64-debian-gcc 3.7 122.79 96.52 219.31 OK
r-devel-linux-x86_64-fedora-clang 3.7 488.20 NOTE
r-devel-linux-x86_64-fedora-gcc 3.7 396.52 OK
r-prerel-macos-arm64 3.7 89.00 NOTE
r-prerel-windows-x86_64 3.7 142.00 146.00 288.00 OK
r-patched-linux-x86_64 3.7 159.28 127.55 286.83 OK
r-release-linux-x86_64 3.7 163.47 128.58 292.05 OK
r-release-macos-arm64 3.7 99.00 NOTE
r-release-macos-x86_64 3.7 139.00 NOTE
r-release-windows-x86_64 3.7 170.00 167.00 337.00 OK
r-oldrel-macos-arm64 3.7 91.00 NOTE
r-oldrel-windows-x86_64 3.7 142.00 150.00 292.00 OK

Check Details

Version: 3.7
Check: Rd cross-references
Result: NOTE Undeclared package ‘mvtnorm’ in Rd xrefs Flavor: r-devel-linux-x86_64-fedora-clang

Version: 3.7
Check: installed package size
Result: NOTE installed size is 5.9Mb sub-directories of 1Mb or more: libs 4.7Mb Flavors: r-prerel-macos-arm64, r-release-macos-arm64, r-release-macos-x86_64, r-oldrel-macos-arm64