CRAN Package Check Results for Package bayescopulareg

Last updated on 2021-06-17 06:48:01 CEST.

Flavor Version Tinstall Tcheck Ttotal Status Flags
r-devel-linux-x86_64-debian-clang 0.1.3 228.89 29.56 258.45 OK
r-devel-linux-x86_64-debian-gcc 0.1.3 141.95 23.19 165.14 OK
r-devel-linux-x86_64-fedora-clang 0.1.3 358.15 NOTE
r-devel-linux-x86_64-fedora-gcc 0.1.3 314.51 OK
r-devel-windows-x86_64 0.1.3 258.00 62.00 320.00 OK
r-devel-windows-x86_64-gcc10-UCRT 0.1.3 OK
r-patched-linux-x86_64 0.1.3 170.86 28.68 199.54 OK
r-patched-solaris-x86 0.1.3 248.70 OK
r-release-linux-x86_64 0.1.3 180.54 28.57 209.11 OK
r-release-macos-arm64 0.1.3 NOTE
r-release-macos-x86_64 0.1.3 NOTE
r-release-windows-ix86+x86_64 0.1.3 503.00 79.00 582.00 OK
r-oldrel-macos-x86_64 0.1.3 NOTE
r-oldrel-windows-ix86+x86_64 0.1.3 383.00 62.00 445.00 OK

Check Details

Version: 0.1.3
Check: installed package size
Result: NOTE
     installed size is 6.3Mb
     sub-directories of 1Mb or more:
     libs 6.2Mb
Flavors: r-devel-linux-x86_64-fedora-clang, r-release-macos-arm64, r-release-macos-x86_64, r-oldrel-macos-x86_64