CRAN Package Check Results for Package bayesmodels

Last updated on 2022-01-18 06:52:39 CET.

Flavor Version Tinstall Tcheck Ttotal Status Flags
r-devel-linux-x86_64-debian-clang 0.1.1 27.11 474.99 502.10 OK
r-devel-linux-x86_64-debian-gcc 0.1.1 22.23 373.90 396.13 OK
r-devel-linux-x86_64-fedora-clang 0.1.1 581.95 NOTE
r-devel-linux-x86_64-fedora-gcc 0.1.1 591.32 NOTE
r-devel-windows-x86_64-new-UL 0.1.1 23.00 459.00 482.00 OK
r-devel-windows-x86_64-new-TK 0.1.1 ERROR
r-patched-linux-x86_64 0.1.1 31.00 448.63 479.63 OK
r-release-linux-x86_64 0.1.1 OK
r-release-macos-arm64 0.1.1 NOTE
r-release-macos-x86_64 0.1.1 NOTE
r-release-windows-ix86+x86_64 0.1.1 60.00 571.00 631.00 OK
r-oldrel-macos-x86_64 0.1.1 NOTE
r-oldrel-windows-ix86+x86_64 0.1.1 61.00 543.00 604.00 OK

Check Details

Version: 0.1.1
Check: dependencies in R code
Result: NOTE
    Namespace in Imports field not imported from: ‘workflows’
     All declared Imports should be used.
Flavors: r-devel-linux-x86_64-fedora-clang, r-devel-linux-x86_64-fedora-gcc, r-release-macos-arm64, r-release-macos-x86_64, r-oldrel-macos-x86_64

Version: 0.1.1
Check: package dependencies
Result: ERROR
    Package required but not available: 'Rlgt'
    
    See section 'The DESCRIPTION file' in the 'Writing R Extensions'
    manual.
Flavor: r-devel-windows-x86_64-new-TK