CRAN Package Check Results for Package bayesmove

Last updated on 2024-06-13 06:57:55 CEST.

Flavor Version Tinstall Tcheck Ttotal Status Flags
r-devel-linux-x86_64-debian-clang 0.2.1 51.58 126.70 178.28 NOTE
r-devel-linux-x86_64-debian-gcc 0.2.1 0.29 1.61 1.90 ERROR
r-devel-linux-x86_64-fedora-clang 0.2.1 250.58 NOTE
r-devel-linux-x86_64-fedora-gcc 0.2.1 247.95 NOTE
r-devel-windows-x86_64 0.2.1 45.00 130.00 175.00 NOTE
r-patched-linux-x86_64 0.2.1 49.27 120.66 169.93 NOTE
r-release-linux-x86_64 0.2.1 45.57 120.30 165.87 NOTE
r-release-macos-arm64 0.2.1 59.00 NOTE
r-release-macos-x86_64 0.2.1 83.00 NOTE
r-release-windows-x86_64 0.2.1 49.00 137.00 186.00 NOTE
r-oldrel-macos-arm64 0.2.1 68.00 OK
r-oldrel-macos-x86_64 0.2.1 107.00 OK
r-oldrel-windows-x86_64 0.2.1 56.00 162.00 218.00 OK

Check Details

Version: 0.2.1
Check: Rd files
Result: NOTE checkRd: (-1) insert_NAs.Rd:22: Lost braces; missing escapes or markup? 22 | A data frame where new rows have been inserted to regularize the \code{date} column. This results in values provided for \code{id}, \code{date}, and {dt} while inserting NAs for all other columns. Additionally, observations with duplicate date-times are removed. | ^ Flavors: r-devel-linux-x86_64-debian-clang, r-devel-linux-x86_64-fedora-clang, r-devel-linux-x86_64-fedora-gcc, r-devel-windows-x86_64, r-patched-linux-x86_64, r-release-linux-x86_64, r-release-macos-arm64, r-release-macos-x86_64, r-release-windows-x86_64

Version: 0.2.1
Check: package dependencies
Result: ERROR Packages required but not available: 'dplyr', 'furrr', 'ggplot2', 'lubridate', 'progress', 'purrr', 'tidyr' Packages suggested but not available for checking: 'testthat', 'ggforce', 'datamods', 'viridis' See section ‘The DESCRIPTION file’ in the ‘Writing R Extensions’ manual. Flavor: r-devel-linux-x86_64-debian-gcc