CRAN Package Check Results for Package bayesplay

Last updated on 2024-06-13 06:57:55 CEST.

Flavor Version Tinstall Tcheck Ttotal Status Flags
r-devel-linux-x86_64-debian-clang 0.9.3 5.66 125.41 131.07 OK
r-devel-linux-x86_64-debian-gcc 0.9.3 0.48 1.70 2.18 ERROR
r-devel-linux-x86_64-fedora-clang 0.9.3 162.76 OK
r-devel-linux-x86_64-fedora-gcc 0.9.3 169.45 OK
r-devel-windows-x86_64 0.9.3 6.00 98.00 104.00 OK
r-patched-linux-x86_64 0.9.3 4.97 117.46 122.43 OK
r-release-linux-x86_64 0.9.3 5.63 117.29 122.92 OK
r-release-macos-arm64 0.9.3 57.00 OK
r-release-macos-x86_64 0.9.3 96.00 OK
r-release-windows-x86_64 0.9.3 6.00 102.00 108.00 OK
r-oldrel-macos-arm64 0.9.3 52.00 OK
r-oldrel-macos-x86_64 0.9.3 106.00 OK
r-oldrel-windows-x86_64 0.9.3 7.00 122.00 129.00 OK

Check Details

Version: 0.9.3
Check: package dependencies
Result: ERROR Package required but not available: ‘gginnards’ Packages suggested but not available for checking: 'testthat', 'vdiffr', 'ggplot2', 'patrick' See section ‘The DESCRIPTION file’ in the ‘Writing R Extensions’ manual. Flavor: r-devel-linux-x86_64-debian-gcc