CRAN Package Check Results for Package bayesplot

Last updated on 2020-11-29 06:46:30 CET.

Flavor Version Tinstall Tcheck Ttotal Status Flags
r-devel-linux-x86_64-debian-clang 1.7.2 18.15 311.02 329.17 OK
r-devel-linux-x86_64-debian-gcc 1.7.2 11.12 223.69 234.81 OK
r-devel-linux-x86_64-fedora-clang 1.7.2 377.60 NOTE
r-devel-linux-x86_64-fedora-gcc 1.7.2 378.17 OK
r-devel-windows-ix86+x86_64 1.7.2 24.00 342.00 366.00 NOTE
r-patched-linux-x86_64 1.7.2 10.95 300.22 311.17 OK
r-patched-solaris-x86 1.7.2 414.10 NOTE
r-release-linux-x86_64 1.7.2 14.30 295.76 310.06 OK
r-release-macos-x86_64 1.7.2 NOTE
r-release-windows-ix86+x86_64 1.7.2 17.00 276.00 293.00 NOTE
r-oldrel-macos-x86_64 1.7.2 NOTE
r-oldrel-windows-ix86+x86_64 1.7.2 19.00 375.00 394.00 NOTE

Check Details

Version: 1.7.2
Check: installed package size
Result: NOTE
     installed size is 5.9Mb
     sub-directories of 1Mb or more:
     R 1.8Mb
     doc 3.5Mb
Flavors: r-devel-linux-x86_64-fedora-clang, r-devel-windows-ix86+x86_64, r-patched-solaris-x86, r-release-macos-x86_64, r-release-windows-ix86+x86_64, r-oldrel-macos-x86_64, r-oldrel-windows-ix86+x86_64