Last updated on 2023-03-24 05:52:07 CET.
Flavor | Version | Tinstall | Tcheck | Ttotal | Status | Flags |
---|---|---|---|---|---|---|
r-devel-linux-x86_64-debian-clang | 2.5.3 | 21.81 | 192.48 | 214.29 | OK | |
r-devel-linux-x86_64-debian-gcc | 2.5.3 | 16.32 | 141.65 | 157.97 | OK | |
r-devel-linux-x86_64-fedora-clang | 2.5.3 | 262.81 | OK | |||
r-devel-linux-x86_64-fedora-gcc | 2.5.3 | 247.45 | OK | |||
r-devel-windows-x86_64 | 2.5.3 | 39.00 | 219.00 | 258.00 | OK | |
r-patched-linux-x86_64 | 2.5.3 | 17.67 | 176.09 | 193.76 | OK | |
r-release-linux-x86_64 | 2.5.3 | 14.13 | 173.37 | 187.50 | OK | |
r-release-macos-arm64 | 2.5.3 | 49.00 | OK | |||
r-release-macos-x86_64 | 2.5.3 | 96.00 | OK | |||
r-release-windows-x86_64 | 2.5.3 | 54.00 | 218.00 | 272.00 | OK | |
r-oldrel-macos-arm64 | 2.5.3 | 53.00 | OK | |||
r-oldrel-macos-x86_64 | 2.5.3 | 96.00 | OK | |||
r-oldrel-windows-ix86+x86_64 | 2.5.3 | 42.00 | 199.00 | 241.00 | NOTE |
Version: 2.5.3
Check: R code for possible problems
Result: NOTE
Initiating curl with CURL_SSL_BACKEND: openssl
Flavor: r-oldrel-windows-ix86+x86_64