CRAN Package Check Results for Package bcmaps

Last updated on 2020-08-11 06:47:13 CEST.

Flavor Version Tinstall Tcheck Ttotal Status Flags
r-devel-linux-x86_64-debian-clang 0.18.1 4.90 74.47 79.37 NOTE
r-devel-linux-x86_64-debian-gcc 0.18.1 4.37 54.83 59.20 NOTE
r-devel-linux-x86_64-fedora-clang 0.18.1 102.10 NOTE
r-devel-linux-x86_64-fedora-gcc 0.18.1 93.48 NOTE
r-devel-windows-ix86+x86_64 0.18.1 16.00 137.00 153.00 NOTE
r-patched-linux-x86_64 0.18.1 4.98 72.43 77.41 NOTE
r-patched-solaris-x86 0.18.1 160.90 NOTE
r-release-linux-x86_64 0.18.1 5.66 71.19 76.85 NOTE
r-release-macos-x86_64 0.18.1 NOTE
r-release-windows-ix86+x86_64 0.18.1 24.00 150.00 174.00 NOTE
r-oldrel-macos-x86_64 0.18.1 NOTE
r-oldrel-windows-ix86+x86_64 0.18.1 12.00 89.00 101.00 NOTE

Check Details

Version: 0.18.1
Check: package dependencies
Result: NOTE
    Package suggested but not available for checking: 'bcmapsdata'
Flavors: r-devel-linux-x86_64-debian-clang, r-devel-linux-x86_64-debian-gcc, r-devel-linux-x86_64-fedora-clang, r-devel-linux-x86_64-fedora-gcc, r-devel-windows-ix86+x86_64, r-patched-linux-x86_64, r-patched-solaris-x86, r-release-linux-x86_64, r-release-macos-x86_64, r-release-windows-ix86+x86_64, r-oldrel-macos-x86_64, r-oldrel-windows-ix86+x86_64