CRAN Package Check Results for Package bdDwC

Last updated on 2022-01-23 07:13:52 CET.

Flavor Version Tinstall Tcheck Ttotal Status Flags
r-devel-linux-x86_64-debian-clang 0.1.15 5.05 53.06 58.11 NOTE
r-devel-linux-x86_64-debian-gcc 0.1.15 3.88 46.05 49.93 NOTE
r-devel-linux-x86_64-fedora-clang 0.1.15 71.28 NOTE
r-devel-linux-x86_64-fedora-gcc 0.1.15 56.66 NOTE
r-devel-windows-x86_64-new-UL 0.1.15 21.00 72.00 93.00 NOTE
r-devel-windows-x86_64-new-TK 0.1.15 NOTE
r-patched-linux-x86_64 0.1.15 4.09 50.81 54.90 NOTE
r-release-linux-x86_64 0.1.15 4.91 49.77 54.68 NOTE
r-release-macos-arm64 0.1.15 NOTE
r-release-macos-x86_64 0.1.15 NOTE
r-release-windows-ix86+x86_64 0.1.15 13.00 61.00 74.00 NOTE
r-oldrel-macos-x86_64 0.1.15 OK
r-oldrel-windows-ix86+x86_64 0.1.15 13.00 66.00 79.00 OK

Check Details

Version: 0.1.15
Check: LazyData
Result: NOTE
     'LazyData' is specified without a 'data' directory
Flavors: r-devel-linux-x86_64-debian-clang, r-devel-linux-x86_64-debian-gcc, r-devel-linux-x86_64-fedora-clang, r-devel-linux-x86_64-fedora-gcc, r-devel-windows-x86_64-new-UL, r-devel-windows-x86_64-new-TK, r-patched-linux-x86_64, r-release-linux-x86_64, r-release-macos-arm64, r-release-macos-x86_64, r-release-windows-ix86+x86_64