CRAN Package Check Results for Package bdclean

Last updated on 2020-10-28 05:48:29 CET.

Flavor Version Tinstall Tcheck Ttotal Status Flags
r-devel-linux-x86_64-debian-clang 0.1.15 11.94 94.17 106.11 OK
r-devel-linux-x86_64-debian-gcc 0.1.15 9.22 69.98 79.20 OK
r-devel-linux-x86_64-fedora-clang 0.1.15 135.11 NOTE
r-devel-linux-x86_64-fedora-gcc 0.1.15 130.56 NOTE
r-devel-windows-ix86+x86_64 0.1.15 34.00 124.00 158.00 OK
r-patched-linux-x86_64 0.1.15 ERROR
r-patched-solaris-x86 0.1.15 181.50 NOTE
r-release-linux-x86_64 0.1.15 11.02 86.33 97.35 OK
r-release-macos-x86_64 0.1.15 NOTE
r-release-windows-ix86+x86_64 0.1.15 30.00 94.00 124.00 OK
r-oldrel-macos-x86_64 0.1.15 NOTE
r-oldrel-windows-ix86+x86_64 0.1.15 27.00 119.00 146.00 OK

Check Details

Version: 0.1.15
Check: dependencies in R code
Result: NOTE
    Namespace in Imports field not imported from: ‘DT’
     All declared Imports should be used.
Flavors: r-devel-linux-x86_64-fedora-clang, r-devel-linux-x86_64-fedora-gcc, r-patched-solaris-x86, r-release-macos-x86_64, r-oldrel-macos-x86_64

Version: 0.1.15
Check: package dependencies
Result: ERROR
    Packages required but not available: 'finch', 'bdchecks'
    
    See section ‘The DESCRIPTION file’ in the ‘Writing R Extensions’
    manual.
Flavor: r-patched-linux-x86_64