Last updated on 2023-03-28 06:51:10 CEST.
Flavor | Version | Tinstall | Tcheck | Ttotal | Status | Flags |
---|---|---|---|---|---|---|
r-devel-linux-x86_64-debian-clang | 3.0.3 | 30.54 | 81.15 | 111.69 | OK | |
r-devel-linux-x86_64-debian-gcc | 3.0.3 | 24.60 | 62.67 | 87.27 | OK | |
r-devel-linux-x86_64-fedora-clang | 3.0.3 | 142.13 | NOTE | |||
r-devel-linux-x86_64-fedora-gcc | 3.0.3 | 150.58 | NOTE | |||
r-devel-windows-x86_64 | 3.0.3 | 272.00 | 136.00 | 408.00 | OK | |
r-patched-linux-x86_64 | 3.0.3 | 35.57 | 77.33 | 112.90 | OK | |
r-release-linux-x86_64 | 3.0.3 | 28.56 | 70.14 | 98.70 | OK | |
r-release-macos-arm64 | 3.0.3 | 53.00 | NOTE | |||
r-release-macos-x86_64 | 3.0.3 | 55.00 | NOTE | |||
r-release-windows-x86_64 | 3.0.3 | 187.00 | 124.00 | 311.00 | OK | |
r-oldrel-macos-arm64 | 3.0.3 | 50.00 | NOTE | |||
r-oldrel-macos-x86_64 | 3.0.3 | 60.00 | NOTE | |||
r-oldrel-windows-ix86+x86_64 | 3.0.3 | 47.00 | 104.00 | 151.00 | OK |
Version: 3.0.3
Check: data for non-ASCII characters
Result: NOTE
Note: found 2666 marked UTF-8 strings
Flavors: r-devel-linux-x86_64-fedora-clang, r-devel-linux-x86_64-fedora-gcc, r-release-macos-arm64, r-release-macos-x86_64, r-oldrel-macos-arm64, r-oldrel-macos-x86_64