CRAN Package Check Results for Package bea.R

Last updated on 2020-09-28 06:49:43 CEST.

Flavor Version Tinstall Tcheck Ttotal Status Flags
r-devel-linux-x86_64-debian-clang 1.0.6 7.19 58.85 66.04 OK
r-devel-linux-x86_64-debian-gcc 1.0.6 6.03 43.72 49.75 OK
r-devel-linux-x86_64-fedora-clang 1.0.6 86.01 NOTE
r-devel-linux-x86_64-fedora-gcc 1.0.6 76.46 NOTE
r-devel-windows-ix86+x86_64 1.0.6 19.00 79.00 98.00 OK
r-patched-linux-x86_64 1.0.6 7.51 54.17 61.68 OK
r-patched-solaris-x86 1.0.6 109.20 NOTE
r-release-linux-x86_64 1.0.6 7.54 54.26 61.80 OK
r-release-macos-x86_64 1.0.6 NOTE
r-release-windows-ix86+x86_64 1.0.6 18.00 77.00 95.00 OK
r-oldrel-macos-x86_64 1.0.6 NOTE
r-oldrel-windows-ix86+x86_64 1.0.6 14.00 74.00 88.00 OK

Check Details

Version: 1.0.6
Check: package dependencies
Result: NOTE
    Imports includes 22 non-default packages.
    Importing from so many packages makes the package vulnerable to any of
    them becoming unavailable. Move as many as possible to Suggests and
    use conditionally.
Flavor: r-devel-linux-x86_64-fedora-clang

Version: 1.0.6
Check: dependencies in R code
Result: NOTE
    Namespaces in Imports field not imported from:
     ‘Rcpp’ ‘chron’ ‘colorspace’ ‘gtable’ ‘htmltools’ ‘htmlwidgets’
     ‘httpuv’ ‘magrittr’ ‘munsell’ ‘plyr’ ‘scales’ ‘stringi’ ‘xtable’
     ‘yaml’
     All declared Imports should be used.
Flavors: r-devel-linux-x86_64-fedora-clang, r-devel-linux-x86_64-fedora-gcc, r-patched-solaris-x86, r-release-macos-x86_64, r-oldrel-macos-x86_64