Last updated on 2023-03-26 06:53:19 CEST.
Flavor | Version | Tinstall | Tcheck | Ttotal | Status | Flags |
---|---|---|---|---|---|---|
r-devel-linux-x86_64-debian-clang | 0.4.1 | 28.95 | 508.41 | 537.36 | OK | |
r-devel-linux-x86_64-debian-gcc | 0.4.1 | 23.98 | 378.85 | 402.83 | OK | |
r-devel-linux-x86_64-fedora-gcc | 0.4.1 | 695.84 | NOTE | |||
r-devel-windows-x86_64 | 0.4.1 | 190.00 | 564.00 | 754.00 | OK | |
r-patched-linux-x86_64 | 0.4.1 | 30.10 | 481.37 | 511.47 | OK | |
r-release-linux-x86_64 | 0.4.1 | 33.62 | 474.67 | 508.29 | OK | |
r-release-macos-arm64 | 0.4.1 | 152.00 | NOTE | |||
r-release-macos-x86_64 | 0.4.1 | 262.00 | OK | |||
r-release-windows-x86_64 | 0.4.1 | 131.00 | 535.00 | 666.00 | OK | |
r-oldrel-macos-arm64 | 0.4.1 | 149.00 | OK | |||
r-oldrel-macos-x86_64 | 0.4.1 | 198.00 | OK | |||
r-oldrel-windows-ix86+x86_64 | 0.4.1 | 68.00 | 528.00 | 596.00 | OK |
Version: 0.4.1
Check: package dependencies
Result: NOTE
Package suggested but not available for checking: ‘flowCore’
Flavors: r-devel-linux-x86_64-fedora-gcc, r-release-macos-arm64