CRAN Package Check Results for Package benthos

Last updated on 2020-08-13 06:47:20 CEST.

Flavor Version Tinstall Tcheck Ttotal Status Flags
r-devel-linux-x86_64-debian-clang 1.3-6 5.93 53.23 59.16 WARN
r-devel-linux-x86_64-debian-gcc 1.3-6 4.98 60.27 65.25 OK
r-devel-linux-x86_64-fedora-clang 1.3-6 109.88 OK
r-devel-linux-x86_64-fedora-gcc 1.3-6 103.88 OK
r-devel-windows-ix86+x86_64 1.3-6 13.00 129.00 142.00 OK
r-patched-linux-x86_64 1.3-6 5.57 77.58 83.15 OK
r-patched-solaris-x86 1.3-6 144.40 OK
r-release-linux-x86_64 1.3-6 6.07 50.68 56.75 WARN
r-release-macos-x86_64 1.3-6 OK
r-release-windows-ix86+x86_64 1.3-6 18.00 131.00 149.00 OK
r-oldrel-macos-x86_64 1.3-6 OK
r-oldrel-windows-ix86+x86_64 1.3-6 12.00 84.00 96.00 OK

Check Details

Version: 1.3-6
Check: package dependencies
Result: NOTE
    Package suggested but not available for checking: 'tidyr'
Flavors: r-devel-linux-x86_64-debian-clang, r-release-linux-x86_64

Version: 1.3-6
Check: re-building of vignette outputs
Result: WARN
    Error(s) in re-building vignettes:
     ...
    --- re-building 'benthos.Rmd' using rmarkdown
    
    Attaching package: 'dplyr'
    
    The following objects are masked from 'package:stats':
    
     filter, lag
    
    The following objects are masked from 'package:base':
    
     intersect, setdiff, setequal, union
    
    Quitting from lines 53-57 (benthos.Rmd)
    Error: processing vignette 'benthos.Rmd' failed with diagnostics:
    there is no package called 'tidyr'
    --- failed re-building 'benthos.Rmd'
    
    SUMMARY: processing the following file failed:
     'benthos.Rmd'
    
    Error: Vignette re-building failed.
    Execution halted
Flavors: r-devel-linux-x86_64-debian-clang, r-release-linux-x86_64