CRAN Package Check Results for Package betapart

Last updated on 2024-07-14 06:54:18 CEST.

Flavor Version Tinstall Tcheck Ttotal Status Flags
r-devel-linux-x86_64-debian-clang 1.6 11.42 112.09 123.51 NOTE
r-devel-linux-x86_64-debian-gcc 1.6 10.35 80.07 90.42 NOTE
r-devel-linux-x86_64-fedora-clang 1.6 150.79 NOTE
r-devel-linux-x86_64-fedora-gcc 1.6 150.68 NOTE
r-devel-windows-x86_64 1.6 12.00 104.00 116.00 NOTE
r-patched-linux-x86_64 1.6 13.51 102.17 115.68 NOTE
r-release-linux-x86_64 1.6 10.04 104.54 114.58 NOTE
r-release-macos-arm64 1.6 45.00 NOTE
r-release-macos-x86_64 1.6 93.00 NOTE
r-release-windows-x86_64 1.6 11.00 103.00 114.00 NOTE
r-oldrel-macos-arm64 1.6 47.00 OK
r-oldrel-macos-x86_64 1.6 76.00 OK
r-oldrel-windows-x86_64 1.6 14.00 125.00 139.00 OK

Check Details

Version: 1.6
Check: Rd files
Result: NOTE checkRd: (-1) beta.pair.Rd:46: Lost braces 46 | \code{\link{beta.pair.abund}}, code{\link{beta.multi}}, \code{\link{beta.sample}}, \code{\link{betapart.core}}, \code{\link{beta.temp}} | ^ checkRd: (-1) betapart-package.Rd:36: Lost braces; missing escapes or markup? 36 | Andres Baselga, David Orme, Sebastien Villéger, Julien {De Bortoli}, Fabien Leprieur, Maxime Logez, Sara Martínez-Santalla, Ramiro Martín-Devasa, Carola Gómez-Rodríguez, and Rosa M. Crujeiras | ^ checkRd: (-1) decay.model.Rd:22: Lost braces 22 | \item{y}{ code{dist} object, either containing similarities or dissimilarities between pairs of assemblages.} | ^ checkRd: (-1) decay.model.Rd:23: Lost braces 23 | \item{x}{ code{dist} object, containing distances (spatial or other) between pairs of assemblages.} | ^ checkRd: (-1) decay.model.Rd:26: Lost braces 26 | \item{y.type}{ polarity of the code{dist} object (i.e. 1 means total similarity or total dissimilarity), | ^ checkRd: (-1) decay.model.Rd:35: Lost braces 35 | \item{data.y}{ original y data, code{dist} object, either containing similarities or dissimilarities between pairs of assemblages.} | ^ checkRd: (-1) decay.model.Rd:36: Lost braces 36 | \item{data.x}{ original x data, code{dist} object, containing distances (spatial or other) between pairs of assemblages.} | ^ checkRd: (-1) functional.betapart.core.pairwise.Rd:63-67: Lost braces in \itemize; meant \describe ? checkRd: (-1) functional.betapart.core.pairwise.Rd:68-73: Lost braces in \itemize; meant \describe ? checkRd: (-1) functional.betapart.core.pairwise.Rd:50: Lost braces in \itemize; \value handles \item{}{} directly checkRd: (-1) functional.betapart.core.pairwise.Rd:51-52: Lost braces in \itemize; \value handles \item{}{} directly Flavors: r-devel-linux-x86_64-debian-clang, r-devel-linux-x86_64-debian-gcc, r-devel-linux-x86_64-fedora-clang, r-devel-linux-x86_64-fedora-gcc, r-devel-windows-x86_64, r-patched-linux-x86_64, r-release-linux-x86_64, r-release-macos-arm64, r-release-macos-x86_64, r-release-windows-x86_64

Version: 1.6
Check: Rd cross-references
Result: NOTE Found the following Rd file(s) with Rd \link{} targets missing package anchors: functional.betapart.core.Rd: convhulln functional.betapart.core.pairwise.Rd: convhulln inter_geom.Rd: intersectn qhull.opt.Rd: convhulln Please provide package anchors for all Rd \link{} targets not in the package itself and the base packages. Flavor: r-devel-windows-x86_64