CRAN Package Check Results for Package betareg

Last updated on 2024-02-23 06:50:23 CET.

Flavor Version Tinstall Tcheck Ttotal Status Flags
r-devel-linux-x86_64-debian-clang 3.1-4 OK
r-devel-linux-x86_64-debian-gcc 3.1-4 10.51 140.62 151.13 OK
r-devel-linux-x86_64-fedora-clang 3.1-4 249.50 OK
r-devel-linux-x86_64-fedora-gcc 3.1-4 258.23 OK
r-devel-windows-x86_64 3.1-4 13.00 194.00 207.00 OK
r-patched-linux-x86_64 3.1-4 15.59 184.44 200.03 OK
r-release-linux-x86_64 3.1-4 14.50 169.39 183.89 OK
r-release-macos-arm64 3.1-4 86.00 OK
r-release-macos-x86_64 3.1-4 136.00 NOTE
r-release-windows-x86_64 3.1-4 17.00 216.00 233.00 OK
r-oldrel-macos-arm64 3.1-4 78.00 OK
r-oldrel-windows-x86_64 3.1-4 18.00 224.00 242.00 OK

Check Details

Version: 3.1-4
Check: package dependencies
Result: NOTE Package suggested but not available for checking: ‘car’ Flavor: r-release-macos-x86_64

Version: 3.1-4
Check: re-building of vignette outputs
Result: NOTE Note: skipping ‘betareg.Rnw’ due to unavailable dependencies: 'car' Flavor: r-release-macos-x86_64