Last updated on 2023-01-31 06:51:15 CET.
Flavor | Version | Tinstall | Tcheck | Ttotal | Status | Flags |
---|---|---|---|---|---|---|
r-devel-linux-x86_64-debian-clang | 1.1.3 | 154.74 | 170.19 | 324.93 | OK | |
r-devel-linux-x86_64-debian-gcc | 1.1.3 | 118.26 | 124.08 | 242.34 | NOTE | |
r-devel-linux-x86_64-fedora-clang | 1.1.3 | 459.60 | NOTE | |||
r-devel-linux-x86_64-fedora-gcc | 1.1.3 | 412.10 | NOTE | |||
r-devel-windows-x86_64 | 1.1.3 | 233.00 | 247.00 | 480.00 | NOTE | |
r-patched-linux-x86_64 | 1.1.3 | 124.80 | 163.59 | 288.39 | OK | |
r-release-linux-x86_64 | 1.1.3 | 125.02 | 165.65 | 290.67 | OK | |
r-release-macos-arm64 | 1.1.3 | 81.00 | NOTE | |||
r-release-macos-x86_64 | 1.1.3 | 201.00 | NOTE | |||
r-release-windows-x86_64 | 1.1.3 | 233.00 | 232.00 | 465.00 | OK | |
r-oldrel-macos-arm64 | 1.1.3 | 85.00 | NOTE | |||
r-oldrel-macos-x86_64 | 1.1.3 | 131.00 | NOTE | |||
r-oldrel-windows-ix86+x86_64 | 1.1.3 | 380.00 | 382.00 | 762.00 | OK |
Version: 1.1.3
Check: C++ specification
Result: NOTE
Specified C++14: please update to current default of C++17
Flavors: r-devel-linux-x86_64-debian-gcc, r-devel-linux-x86_64-fedora-clang, r-devel-linux-x86_64-fedora-gcc, r-devel-windows-x86_64
Version: 1.1.3
Check: installed package size
Result: NOTE
installed size is 5.3Mb
sub-directories of 1Mb or more:
libs 4.9Mb
Flavors: r-release-macos-arm64, r-release-macos-x86_64, r-oldrel-macos-arm64, r-oldrel-macos-x86_64